Ohuka, Hawkes Bay Weather

 Latitude S 39° 03' 33"    Longitude E 177° 06' 31"    Elevation 630 m (2067 ft)

Select a Year or Month report
V/Λ2018 > Jan Feb Mar Apr May Jun Jul Aug Sep Oct Nov Dec
V/Λ2017 > Jan Feb Mar Apr May Jun Jul Aug Sep Oct Nov Dec
V/Λ2016 > Jan Feb Mar Apr May Jun Jul Aug Sep Oct Nov Dec
V/Λ2015 > Jan Feb Mar Apr May Jun Jul Aug Sep Oct Nov Dec
V/Λ2014 > Jan Feb Mar Apr May Jun Jul Aug Sep Oct Nov Dec
V/Λ2013 > Jan Feb Mar Apr May Jun Jul Aug Sep Oct Nov Dec

Report for 2015 Aug
                   Monthly Climatological Summary for Aug 2015

Name: Shannon Station, Ohuka.   City: Hawkes Bay   State: New Zealand
Elevation: 491 m  Lat: S 38 49' 57"   Lon: E 177 16' 05"

                  Temperature (C), Rain (mm), Wind Speed (km/h)

                                      Heat  Cool        Avg
    Mean                              Deg   Deg         Wind                 Dom
Day Temp  High   Time   Low    Time   Days  Days  Rain  Speed High   Time    Dir
----------------------------------------------------------------------------------
 1  19.6  19.6   00:18  19.6   00:18   0.0   1.3   0.0   0.0   1.1   00:18   ---
 2  19.6  19.6   00:18  19.6   00:18   0.0   1.3   0.0   0.0   1.1   00:18   ---
 3  19.6  19.6   00:18  19.6   00:18   0.0   1.3   0.0   0.0   1.1   00:18   ---
 4  19.6  19.6   00:18  19.6   00:18   0.0   1.3   0.0   0.0   1.1   00:18   ---
 5  19.6  19.6   00:18  19.6   00:18   0.0   1.3   0.0   0.0   1.1   00:18   ---
 6  19.6  19.6   00:18  19.6   00:18   0.0   1.3   0.0   0.0   1.1   00:18   ---
 7  19.6  19.6   00:18  19.6   00:18   0.0   1.3   0.0   0.0   1.1   00:18   ---
 8  19.6  19.6   00:18  19.6   00:18   0.0   1.3   0.0   0.0   1.1   00:18   ---
 9  19.6  19.6   00:18  19.6   00:18   0.0   1.3   0.0   0.0   1.1   00:18   ---
10   6.2  19.6   00:18   4.4   20:41   6.0   0.7  22.4   7.3  35.6   22:02    SW
11   6.7   9.4   15:27   5.4   00:06  11.9   0.0   3.9  21.3  56.2   18:14   WSW
12   7.7  10.9   14:38   2.4   23:58  10.6   0.0   1.5  17.4  47.9   01:28   WSW
13   5.4  13.4   16:33   0.0   06:48  13.1   0.0   0.0   4.9  17.3   15:28     N
14   8.4  14.2   11:18   1.0   02:18  10.4   0.0   0.0   7.4  34.2   19:50    NE
15   9.0  13.1   14:47   6.6   06:47   9.3   0.0   3.0   3.5  15.8   00:12   WSW
16   9.7  12.7   15:18   7.3   03:18   8.6   0.0   1.8   7.6  25.6   15:18   SSE
17   9.2  14.9   16:14   3.5   23:37   9.2   0.0   0.9   4.6  17.3   02:18    SE
18   9.3  16.2   14:19   2.4   05:49   9.1   0.0   0.0   8.0  31.7   11:49     N
19  11.8  18.5   14:28   6.1   22:01   6.5   0.0   1.2   7.1  34.2   13:47     N
20   8.7  13.8   11:49   3.5   05:49   9.8   0.0   0.3   9.4  25.6   13:19    SW
21   6.8  11.4   13:49   1.2   06:49  11.3   0.0   0.0   4.4  19.4   12:19     W
22   9.1  13.8   10:49   6.3   06:49   9.3   0.0   0.0   4.9  17.3   14:19    NE
23   9.6  17.4   13:18   2.7   05:42   8.7   0.0   0.0   6.0  23.4   15:28   NNW
24  12.0  17.2   13:19   6.7   04:49   6.3   0.0   0.0   8.9  34.2   15:28   NNW
25  12.9  16.8   13:41   8.9   00:47   5.4   0.0   3.3   8.7  35.6   18:33   NNW
26   9.5  14.7   15:19   5.3   06:49   8.2   0.0   3.3   7.7  28.1   18:49   SSW
27   7.8  12.7   14:49   2.1   23:49   9.3   0.0   0.0  10.3  28.1   00:19   WSW
28   6.0  15.5   16:49   0.7   05:19  10.9   0.0   0.0   5.4  13.3   04:19   NNW
29  13.7  19.2   13:18   3.5   00:49   8.6   0.0   0.0   8.0  24.5   12:42   NNW
30  13.5  21.0   14:50  10.0   06:50   5.1   0.2   1.8   6.8  25.6   11:20    NW
31   9.6  10.8   09:20   8.3   23:20   8.7   0.0   7.2   5.5  24.5   18:50     S
----------------------------------------------------------------------------------
    12.2  21.0    30     0.0    13   196.3  12.6  50.6   6.4  56.2    11       W

Max >=  27.0:  0
Max <=   0.0:  0
Min <=   0.0:  1
Min <= -18.0:  0
Max Rain: 22.4 on day 10
Days of Rain: 12 (>= 0.2 mm)  6 (>= 2.0 mm)  1 (>= 20.0 mm)
Heat Base: 18.3  Cool Base: 18.3  Method: Integration
:Now: :Gauges: :Today: :Yesterday: :This Month: :This Year: :Records: :Monthly Records: :Graphs:
:Location Map: :Live NZ Map: :Weather Underground: :NOAA Reports: :NZLW Historic:

Powered By: Cumulus v1.9.3 (1058)