Ohuka, Hawkes Bay Weather

 Latitude S 39° 03' 33"    Longitude E 177° 06' 31"    Elevation 630 m (2067 ft)

Select a Year or Month report
V/Λ2018 > Jan Feb Mar Apr May Jun Jul Aug Sep Oct Nov Dec
V/Λ2017 > Jan Feb Mar Apr May Jun Jul Aug Sep Oct Nov Dec
V/Λ2016 > Jan Feb Mar Apr May Jun Jul Aug Sep Oct Nov Dec
V/Λ2015 > Jan Feb Mar Apr May Jun Jul Aug Sep Oct Nov Dec
V/Λ2014 > Jan Feb Mar Apr May Jun Jul Aug Sep Oct Nov Dec
V/Λ2013 > Jan Feb Mar Apr May Jun Jul Aug Sep Oct Nov Dec

Report for 2015 May
                   Monthly Climatological Summary for May 2015

Name: Shannon Station, Ohuka.   City: Hawkes Bay   State: New Zealand
Elevation: 587 m  Lat: S 38 46' 36"   Lon: E 177 20' 07"

                  Temperature (C), Rain (mm), Wind Speed (km/h)

                                      Heat  Cool        Avg
    Mean                              Deg   Deg         Wind                 Dom
Day Temp  High   Time   Low    Time   Days  Days  Rain  Speed High   Time    Dir
----------------------------------------------------------------------------------
 1  12.0  21.2   14:45   5.3   07:06   6.6   0.4   0.0   5.8  33.1   01:20   WNW
 2  11.5  20.2   15:10   5.3   07:10   7.0   0.2   0.0   5.5  14.8   05:40    NW
 3  10.3  19.6   13:24   5.0   06:40   8.4   0.0   0.3   4.3  14.8   08:40    NW
 4  10.6  23.5   15:01   3.8   07:09   7.9   0.2   0.3   5.7  17.3   09:27   NNW
 5  13.0  23.1   13:49   6.3   05:00   6.0   0.7   0.0   5.6  20.9   14:47   NNW
 6  16.3  22.7   13:09  10.0   02:58   2.9   0.9   0.0   8.6  47.9   11:12   NNW
 7  19.9  24.8   14:58  15.4   01:28   0.3   1.9   0.0  11.5  51.5   16:22   NNW
 8  19.8  21.7   14:27  15.5   23:48   0.2   1.6   0.0   5.2  20.9   00:13   NNW
 9  14.2  22.5   12:20   5.6   23:57   4.8   0.7   0.0   4.3  19.4   09:31    NW
10  10.9  23.3   15:52   3.8   06:42   8.1   0.7   0.0   5.5  19.4   09:02   NNW
11  11.8  20.8   15:27   5.1   06:27   7.0   0.3   0.0   6.4  24.5   14:57   NNW
12  13.7  18.5   10:29   8.3   22:00   4.6   0.0   0.0   6.3  34.2   09:39     N
13  11.3  19.8   14:59   3.6   06:08   7.2   0.1   0.0   7.8  25.6   14:25   NNW
14  14.2  19.0   14:46   8.4   05:39   4.1   0.0   0.0   9.3  43.9   21:33     N
15  13.2  19.6   12:47   8.2   13:41   5.2   0.0  11.1   6.5  27.0   13:41   NNW
16  10.7  13.9   12:33   6.8   00:58   7.7   0.0   0.0  21.6  54.0   15:47    SW
17  10.8  12.2   09:29   6.1   23:55   7.5   0.0   0.9  14.6  40.3   02:29    SW
18   8.9  20.2   14:00   3.2   06:27   9.5   0.1   0.0   5.2  22.0   08:41   NNW
19   7.9  11.7   11:22   2.9   05:23  10.8   0.0   2.4   9.3  35.6   14:08    SW
20   7.3  16.8   13:35   1.8   07:22  11.0   0.0   0.0   4.2  17.3   09:27   NNW
21  10.4  18.3   12:39   1.1   06:47   7.9   0.0   0.0   7.7  35.6   13:00   NNW
22  10.3  16.2   00:00   3.7   23:14   8.0   0.0   0.0   6.8  40.3   07:11   WSW
23   7.6  11.5   14:45   2.6   02:01  11.3   0.0  54.6   7.7  52.6   20:02   SSE
24  11.3  16.2   15:24   0.0   00:29  11.7   0.0  18.6   5.4  40.3   10:50     W
25   6.6  10.8   15:27   1.3   23:55  12.0   0.0   0.9  10.1  51.5   09:33     W
26   5.7  14.0   12:40  -1.1   05:50  12.6   0.0   0.0   5.1  18.4   12:24    NW
27   7.5  11.6   13:13   0.9   07:29  10.8   0.0   0.0  12.7  42.8   11:19   WSW
28   8.2  12.4   14:31   3.0   23:59  10.1   0.0   0.0   9.0  31.7   02:00   WSW
29   5.7  16.4   12:52  -0.1   06:54  12.6   0.0   0.0   5.7  19.4   07:37   NNW
30   7.1  20.2   15:44   0.2   07:10  11.2   0.0   0.0   5.5  19.4   08:17   NNW
31   8.5  19.9   16:09   2.4   07:07   9.9   0.1   0.0   3.0  13.3   15:08   NNW
----------------------------------------------------------------------------------
    10.9  24.8     7    -1.1    26   244.9   7.9  89.1   7.4  54.0    16     WNW

Max >=  27.0:  0
Max <=   0.0:  0
Min <=   0.0:  3
Min <= -18.0:  0
Max Rain: 54.6 on day 23
Days of Rain: 8 (>= 0.2 mm)  4 (>= 2.0 mm)  1 (>= 20.0 mm)
Heat Base: 18.3  Cool Base: 18.3  Method: Integration
:Now: :Gauges: :Today: :Yesterday: :This Month: :This Year: :Records: :Monthly Records: :Graphs:
:Location Map: :Live NZ Map: :Weather Underground: :NOAA Reports: :NZLW Historic:

Powered By: Cumulus v1.9.3 (1058)