Ohuka, Hawkes Bay Weather

 Latitude S 39° 03' 33"    Longitude E 177° 06' 31"    Elevation 630 m (2067 ft)

Select a Year or Month report
V/Λ2018 > Jan Feb Mar Apr May Jun Jul Aug Sep Oct Nov Dec
V/Λ2017 > Jan Feb Mar Apr May Jun Jul Aug Sep Oct Nov Dec
V/Λ2016 > Jan Feb Mar Apr May Jun Jul Aug Sep Oct Nov Dec
V/Λ2015 > Jan Feb Mar Apr May Jun Jul Aug Sep Oct Nov Dec
V/Λ2014 > Jan Feb Mar Apr May Jun Jul Aug Sep Oct Nov Dec
V/Λ2013 > Jan Feb Mar Apr May Jun Jul Aug Sep Oct Nov Dec

Report for 2015 Apr
                   Monthly Climatological Summary for Apr 2015

Name: Shannon Station, Ohuka.   City: Hawkes Bay   State: New Zealand
Elevation: 587 m  Lat: S 38 46' 36"   Lon: E 177 20' 07"

                  Temperature (C), Rain (mm), Wind Speed (km/h)

                                      Heat  Cool        Avg
    Mean                              Deg   Deg         Wind                 Dom
Day Temp  High   Time   Low    Time   Days  Days  Rain  Speed High   Time    Dir
----------------------------------------------------------------------------------
 1  15.5  21.9   15:49  12.3   23:49   3.1   0.4   4.8   3.0  14.8   11:19   WSW
 2  18.2  26.2   15:49  10.5   06:19   2.6   2.5   0.3   6.7  23.4   13:19   NNW
 3  16.0  25.4   16:49   9.5   06:19   3.5   1.7   0.0   4.4  13.3   12:19    NW
 4  17.7  26.9   15:49   8.7   06:49   2.9   2.3   0.0   6.7  17.3   14:49    NW
 5  17.7  21.1   13:49  15.3   05:49   0.9   0.3   0.6   5.6  18.4   13:49     S
 6  18.4  23.4   14:50  14.4   03:50   1.4   1.4   0.0   4.1  20.9   09:20     N
 7  20.4  26.9   13:20  13.7   05:20   0.9   3.1   0.0   7.0  27.0   14:50   NNW
 8  20.1  24.7   13:20  16.2   04:50   0.4   2.2  10.8   6.4  18.4   15:50   NNW
 9  16.5  18.7   00:20  14.5   20:20   1.8   0.0  18.6   6.1  30.6   12:20    SW
10  17.8  22.9   13:50  14.7   00:20   1.4   0.8   5.7   4.6  20.9   22:50     N
11  14.4  17.3   01:20   9.9   23:50   3.9   0.0  17.7  12.3  41.8   04:20   WSW
12  14.9  21.1   14:20   8.7   06:50   3.8   0.4   0.0   7.9  29.5   13:20   NNW
13  15.4  20.1   15:20   9.1   23:50   3.1   0.2   4.5  10.1  41.8   08:50   NNW
14   9.6  14.7   15:20   3.7   23:50   8.7   0.0   0.0  11.7  37.8   01:20   WSW
15  10.9  17.4   14:20   2.6   03:50   8.3   0.0   0.0  10.9  41.8   17:20   WSW
16  12.3  16.5   15:50   6.7   23:50   6.2   0.0   0.0  13.0  45.4   06:50    SW
17  11.7  21.8   16:21   4.0   06:20   7.1   0.5   0.0   5.4  14.8   04:50   NNW
18  12.8  17.6   11:07   8.5   00:51   5.6   0.0   0.0   4.7  19.4   11:48   WSW
19  15.2  23.6   14:31   8.7   01:07   4.0   0.9   0.0   4.6  28.1   13:57     N
20  16.6  26.5   16:35   9.1   06:51   3.3   1.6   0.0   3.6  20.9   09:49   NNW
21  16.2  23.2   12:20  10.4   06:56   3.2   0.7   0.0   4.2  15.8   12:51    NW
22  16.0  20.3   09:50  13.8   04:30   2.4   0.0   0.0   6.9  28.1   13:21    SW
23  14.5  18.7   10:47  13.2   05:23   3.8   0.0  16.8   5.6  28.1   15:34   SSE
24  14.1  19.9   10:10  11.4   23:56   4.2   0.0   0.6   3.3  18.4   13:40   SSE
25  13.6  22.1   16:40   7.8   06:40   5.3   0.6   0.0   4.1  17.3   10:40     N
26  14.1  22.6   14:10   5.6   06:43   5.1   0.8   0.0   5.4  23.4   14:40   NNW
27  19.1  22.1   16:03  13.7   00:00   0.5   1.3   0.0  14.4  55.1   22:43     N
28  18.1  21.9   10:40  10.6   23:40   1.6   1.4   0.0  11.8  52.6   02:10   NNW
29  14.2  18.8   15:10   7.9   06:40   4.1   0.0   0.0  10.3  33.1   13:10   NNW
30  12.7  16.1   00:10   8.1   23:25   5.6   0.0   5.6  15.0  46.4   08:10    SW
----------------------------------------------------------------------------------
    15.5  26.9     4     2.6    15   108.7  23.1  86.0   7.2  55.1    27     WNW

Max >=  27.0:  0
Max <=   0.0:  0
Min <=   0.0:  0
Min <= -18.0:  0
Max Rain: 18.6 on day 9
Days of Rain: 11 (>= 0.2 mm)  8 (>= 2.0 mm)  0 (>= 20.0 mm)
Heat Base: 18.3  Cool Base: 18.3  Method: Integration
:Now: :Gauges: :Today: :Yesterday: :This Month: :This Year: :Records: :Monthly Records: :Graphs:
:Location Map: :Live NZ Map: :Weather Underground: :NOAA Reports: :NZLW Historic:

Powered By: Cumulus v1.9.3 (1058)