Ohuka, Hawkes Bay Weather

 Latitude S 39° 03' 33"    Longitude E 177° 06' 31"    Elevation 630 m (2067 ft)

Select a Year or Month report
V/Λ2018 > Jan Feb Mar Apr May Jun Jul Aug Sep Oct Nov Dec
V/Λ2017 > Jan Feb Mar Apr May Jun Jul Aug Sep Oct Nov Dec
V/Λ2016 > Jan Feb Mar Apr May Jun Jul Aug Sep Oct Nov Dec
V/Λ2015 > Jan Feb Mar Apr May Jun Jul Aug Sep Oct Nov Dec
V/Λ2014 > Jan Feb Mar Apr May Jun Jul Aug Sep Oct Nov Dec
V/Λ2013 > Jan Feb Mar Apr May Jun Jul Aug Sep Oct Nov Dec

Report for 2015 Feb
                   Monthly Climatological Summary for Feb 2015

Name: Shannon Station, Ohuka.   City: Hawkes Bay   State: New Zealand
Elevation: 587 m  Lat: S 38 46' 36"   Lon: E 177 20' 07"

                  Temperature (C), Rain (mm), Wind Speed (km/h)

                                      Heat  Cool        Avg
    Mean                              Deg   Deg         Wind                 Dom
Day Temp  High   Time   Low    Time   Days  Days  Rain  Speed High   Time    Dir
----------------------------------------------------------------------------------
 1  23.0  30.5   14:06  18.0   00:18   0.0   4.7   0.0   0.0   6.1   09:30     N
 2  23.0  30.9   15:41  18.4   05:04   0.0   4.7   2.1   0.6  13.3   21:00    NW
 3  25.2  33.6   15:06  17.5   06:35   0.0   7.0   0.0   0.5  12.2   09:26     N
 4  21.9  26.9   11:52  16.3   06:45   0.2   3.7   0.0   0.8  14.8   13:07   WSW
 5  22.7  30.8   10:14  17.3   23:59   0.1   4.5   0.0   1.7  17.3   21:43   WNW
 6  17.2  24.1   13:03  12.1   23:54   1.5   0.3   0.0   1.3  13.3   04:33     W
 7  16.2  23.3   16:17   9.1   04:14   3.1   1.0   0.0   1.4  13.3   10:43    NW
 8  20.9  32.1   16:31  10.2   06:37   2.5   5.1   0.0   0.9   7.2   08:34   WNW
 9  23.4  33.1   15:33  13.5   06:29   0.9   6.0   0.0   0.8   9.7   08:12   NNE
10  16.7  20.7   16:20  13.5   07:16   1.9   0.3   6.4   1.2  15.8   02:11   NNW
11  17.5  26.2   14:42  13.0   05:09   2.3   1.5   0.9   0.3   7.2   18:37    NW
12  18.3  29.0   13:47  13.3   06:47   1.9   1.9   2.1   0.6  11.2   16:56   WSW
13  19.7  25.9   13:57  12.6   06:29   1.2   2.6   0.6   0.7   9.7   16:59    SW
14  16.8  18.6   08:19  14.9   10:36   1.5   0.0   2.1   5.1  27.0   18:05   SSW
15  17.4  25.5   15:29  14.3   03:11   1.9   1.1   0.0   1.5  15.8   12:07   NNE
16  17.5  23.0   11:21  13.4   06:46   1.8   1.0   0.0   0.8  12.2   11:23   NNE
17  18.5  24.4   14:15  14.6   05:36   1.4   1.6   0.0   0.4   6.1   12:44   NNE
18  19.5  27.3   09:46  11.7   06:52   1.9   3.0   0.0   0.2   5.0   09:50   NNE
19  20.6  30.0   10:10  11.7   04:08   2.0   4.3   0.0   0.3   7.2   15:12   NNE
20  20.3  27.0   12:30  13.3   06:28   1.0   3.0   0.0   0.3   3.6   00:00   NNE
21  22.0  31.4   12:09  12.2   06:20   1.5   5.3   0.0   0.3   7.2   11:44   ENE
22  21.2  27.7   13:40  16.8   06:07   0.2   3.1   1.8   0.4  11.2   19:06   NNE
23  20.2  27.0   15:00  15.6   07:19   0.6   2.5   0.9   0.9  24.5   18:19   SSE
24  19.4  28.8   13:49  14.7   23:56   1.2   2.3   0.6   0.3   7.2   19:35    NE
25  20.0  28.1   16:13  11.7   06:59   2.0   3.7   0.0   0.3   6.1   11:58   NNE
26  17.3  20.0   16:23  15.5   09:33   1.3   0.2   6.6   0.9  11.2   10:46   NNW
27  19.0  25.6   16:47  12.6   06:31   1.5   2.2   0.3   0.5   6.1   08:55    NW
28  20.1  29.9   16:21  13.4   07:01   1.4   3.3   0.3   0.8   8.6   15:35    NW
----------------------------------------------------------------------------------
    19.8  33.6     3     9.1     7    36.8  79.9  24.7   0.9  27.0    14     WNW

Max >=  27.0: 16
Max <=   0.0:  0
Min <=   0.0:  0
Min <= -18.0:  0
Max Rain: 6.6 on day 26
Days of Rain: 12 (>= 0.2 mm)  5 (>= 2.0 mm)  0 (>= 20.0 mm)
Heat Base: 18.3  Cool Base: 18.3  Method: Integration
:Now: :Gauges: :Today: :Yesterday: :This Month: :This Year: :Records: :Monthly Records: :Graphs:
:Location Map: :Live NZ Map: :Weather Underground: :NOAA Reports: :NZLW Historic:

Powered By: Cumulus v1.9.3 (1058)