Ohuka, Hawkes Bay Weather

 Latitude S 39° 03' 33"    Longitude E 177° 06' 31"    Elevation 630 m (2067 ft)

Select a Year or Month report
V/Λ2018 > Jan Feb Mar Apr May Jun Jul Aug Sep Oct Nov Dec
V/Λ2017 > Jan Feb Mar Apr May Jun Jul Aug Sep Oct Nov Dec
V/Λ2016 > Jan Feb Mar Apr May Jun Jul Aug Sep Oct Nov Dec
V/Λ2015 > Jan Feb Mar Apr May Jun Jul Aug Sep Oct Nov Dec
V/Λ2014 > Jan Feb Mar Apr May Jun Jul Aug Sep Oct Nov Dec
V/Λ2013 > Jan Feb Mar Apr May Jun Jul Aug Sep Oct Nov Dec

Report for 2015 Jan
                   Monthly Climatological Summary for Jan 2015

Name: Shannon Station, Ohuka.   City: Hawkes Bay   State: New Zealand
Elevation: 587 m  Lat: S 38 46' 36"   Lon: E 177 20' 07"

                  Temperature (C), Rain (mm), Wind Speed (km/h)

                                      Heat  Cool        Avg
    Mean                              Deg   Deg         Wind                 Dom
Day Temp  High   Time   Low    Time   Days  Days  Rain  Speed High   Time    Dir
----------------------------------------------------------------------------------
 1   0.0   0.0   00:22   0.0   00:22  18.3   0.0   0.0   0.0   0.0   00:22     E
 2   0.0   0.0   00:22   0.0   00:22  18.3   0.0   0.0   0.0   0.0   00:22     E
 3   0.0   0.0   00:22   0.0   00:22  18.3   0.0   0.0   0.0   0.0   00:22     E
 4   0.0   0.0   00:22   0.0   00:22  18.3   0.0   0.0   0.0   0.0   00:22     E
 5   0.0   0.0   00:22   0.0   00:22  18.3   0.0   0.0   0.0   0.0   00:22     E
 6   0.0   0.0   00:22   0.0   00:22  18.3   0.0   0.0   0.0   0.0   00:22     E
 7   0.0   0.0   00:22   0.0   00:22  18.3   0.0   0.0   0.0   0.0   00:22     E
 8   0.0   0.0   00:22   0.0   00:22  18.3   0.0  10.0   0.0   0.0   00:22     E
 9   0.0   0.0   00:22   0.0   00:22  18.3   0.0   0.0   0.0   0.0   00:22     E
10  16.5  19.8   23:36   0.0   23:36   9.1   0.0   0.0   0.0   3.6   23:37   WNW
11   0.0   0.0   00:13   0.0   00:13  18.3   0.0   0.0   0.0   0.0   00:13     E
12   0.0   0.0   00:13   0.0   00:13  18.3   0.0   0.0   0.0   0.0   00:13     E
13   0.0   0.0   00:13   0.0   00:13  18.3   0.0   0.0   0.0   0.0   00:13     E
14  19.3  19.8   23:43   0.0   00:13  17.9   0.0   0.0   0.0   3.6   23:45   WNW
15  22.2  27.4   16:58  18.0   23:33   0.0   3.9   0.0   6.1  37.8   16:11     E
16  22.2  31.4   18:21  14.5   06:24   0.7   4.6   0.0   5.0  25.6   15:16     E
17  24.9  31.9   16:28  18.4   06:27   0.0   6.6   0.0   6.7  30.6   16:05   NNW
18  24.3  32.5   19:24  15.5   06:18   0.2   6.2   0.0   4.7  20.9   14:49   NNE
19  22.5  29.3   19:08  20.2   22:41   0.8   4.1   0.0   5.3  13.3   23:12   NNW
20  20.7  26.0   18:45  15.1   05:58   0.5   2.9   0.0   5.4  25.6   13:09    SE
21  20.7  31.3   15:28  16.1   23:26   0.8   2.8   3.6   2.6  24.5   02:46   WNW
22  20.2  28.7   15:25  13.7   23:54   1.0   2.9   1.5   0.2   7.2   11:18   WNW
23  19.2  29.4   10:29  12.1   02:42   2.1   3.0   0.0   0.7  19.4   00:29   NNW
24  19.3  28.7   10:18  10.5   06:00   2.4   3.5   0.0   0.6   7.2   07:56   NNW
25  19.1  27.2   09:52  11.4   05:18   2.0   2.8   0.0   0.6  11.2   12:36    NW
26  18.3  26.7   13:08  11.4   04:06   2.3   2.3   0.0   0.1   9.7   16:35    NW
27  18.5  24.8   13:09  12.3   02:14   1.7   1.9   2.4   0.0   6.1   21:14     N
28  21.6  28.8   16:13  17.3   01:43   0.1   3.4  14.4   0.3  15.8   18:08   NNW
29  22.0  29.5   10:31  16.6   06:47   0.2   3.8   0.6   0.0   7.2   14:15   NNW
30  22.1  32.8   15:29  16.4   05:14   0.3   4.1   0.0   0.0  15.8   10:25    NE
31  22.3  31.7   15:57  17.8   03:42   0.1   4.0   0.3   0.0  15.8   09:41   ENE
----------------------------------------------------------------------------------
    12.8  32.8    30     0.0     1   261.8  62.8  32.8   1.6  37.8    15     NNE

Max >=  27.0: 14
Max <=   0.0: 12
Min <=   0.0: 14
Min <= -18.0:  0
Max Rain: 14.4 on day 28
Days of Rain: 7 (>= 0.2 mm)  4 (>= 2.0 mm)  0 (>= 20.0 mm)
Heat Base: 18.3  Cool Base: 18.3  Method: Integration
:Now: :Gauges: :Today: :Yesterday: :This Month: :This Year: :Records: :Monthly Records: :Graphs:
:Location Map: :Live NZ Map: :Weather Underground: :NOAA Reports: :NZLW Historic:

Powered By: Cumulus v1.9.3 (1058)