Ohuka, Hawkes Bay Weather

 Latitude S 39° 03' 33"    Longitude E 177° 06' 31"    Elevation 630 m (2067 ft)

Select a Year or Month report
V/Λ2018 > Jan Feb Mar Apr May Jun Jul Aug Sep Oct Nov Dec
V/Λ2017 > Jan Feb Mar Apr May Jun Jul Aug Sep Oct Nov Dec
V/Λ2016 > Jan Feb Mar Apr May Jun Jul Aug Sep Oct Nov Dec
V/Λ2015 > Jan Feb Mar Apr May Jun Jul Aug Sep Oct Nov Dec
V/Λ2014 > Jan Feb Mar Apr May Jun Jul Aug Sep Oct Nov Dec
V/Λ2013 > Jan Feb Mar Apr May Jun Jul Aug Sep Oct Nov Dec

Report for 2015
                   Annual Climatological Summary for 2015

Name: Shannon Station, Ohuka.   City: Hawkes Bay   State: New Zealand
Elevation: 491 m  Lat: S 38 49' 57"   Lon: E 177 16' 05"

                  Temperature (C), Heat Base: 18.3  Cool Base: 18.3
                          Dep.  Heat  Cool                       Max  Max  Min  Min
        Mean  Mean        From  Deg   Deg                        >=   <=   <=   <=
 YR MO  Max   Min   Mean  Norm  Days  Days  Hi  Date  Low  Date 27.0  0.0  0.0 -18.0
------------------------------------------------------------------------------------
 15  1  17.3   8.3  12.8   0.0   261    62  32.8  30   0.0    1   14   12   14    0
 15  2  27.2  14.0  19.8   0.0    36    79  33.6   3   9.1    7   16    0    0    0
 15  3  24.7  13.3  18.5   0.0    65    61  32.4   2   6.6   21    9    0    0    0
 15  4  21.3  10.1  15.5   0.0   108    23  26.9   4   2.6   15    0    0    0    0
 15  5  18.1   4.7  10.9   0.0   244     7  24.8   7  -1.1   26    0    0    3    0
 15  6  19.8   7.4  13.1   0.0   177    21  31.6  26  -1.2   18    4    0    1    0
 15  7  19.6  19.6  19.6   0.0     0    40  19.6   1  19.6    1    0    0    0    0
 15  8  16.2   8.9  12.2   0.0   196    12  21.0  30   0.0   13    0    0    1    0
 15  9  15.1   5.1  10.0   0.0   252     1  21.3  16   0.0    8    0    0    1    0
 15 10  20.8   7.9  14.4   0.0    37     6  31.2   7   4.4    6    1    0    0    0
 15 11
 15 12
------------------------------------------------------------------------------------
        20.0   9.9  14.7   0.0  1381   317  33.6 Feb  -1.2  Jun   44   12   20    0

                                Precipitation (mm)

              Dep.   Max        Days of Rain
              From   Obs.           >=
 YR MO Total  Norm   Day Date  0.2  2.0 20.0
---------------------------------------------
 15  1  32.8   0.0  14.4  28     7    4    0
 15  2  24.7   0.0   6.6  26    12    5    0
 15  3  82.5   0.0  56.1  16     9    5    1
 15  4  86.0   0.0  18.6   9    11    8    0
 15  5  89.1   0.0  54.6  23     8    4    1
 15  6  34.5   0.0   9.0  15    12    4    0
 15  7   0.0   0.0   0.0   0     0    0    0
 15  8  50.6   0.0  22.4  10    12    6    1
 15  9 204.9   0.0 113.4  21    16    8    2
 15 10   2.1   0.0   2.1   8     1    1    0
 15 11
 15 12
---------------------------------------------
       607.2   0.0 113.4  Sep   88   45    5

                                Wind Speed (km/h)
                          Dom
 YR MO   Avg.  Hi   Date  Dir
------------------------------
 15  1   1.6  37.8   15     N
 15  2   0.9  27.0   14   WNW
 15  3   3.7  49.0   16    SW
 15  4   7.2  55.1   27    NW
 15  5   7.4  54.0   16   WNW
 15  6   6.3  54.0   12    NW
 15  7   0.0   1.1    1   ---
 15  8   6.4  56.2   11   WNW
 15  9   9.1  72.4   21    SW
 15 10  10.8  60.1    8    NW
 15 11
 15 12
------------------------------
         5.3  72.4  Sep   WNW
:Now: :Gauges: :Today: :Yesterday: :This Month: :This Year: :Records: :Monthly Records: :Graphs:
:Location Map: :Live NZ Map: :Weather Underground: :NOAA Reports: :NZLW Historic:

Powered By: Cumulus v1.9.3 (1058)