Ohuka, Hawkes Bay Weather

 Latitude S 39° 03' 33"    Longitude E 177° 06' 31"    Elevation 630 m (2067 ft)

Select a Year or Month report
V/Λ2018 > Jan Feb Mar Apr May Jun Jul Aug Sep Oct Nov Dec
V/Λ2017 > Jan Feb Mar Apr May Jun Jul Aug Sep Oct Nov Dec
V/Λ2016 > Jan Feb Mar Apr May Jun Jul Aug Sep Oct Nov Dec
V/Λ2015 > Jan Feb Mar Apr May Jun Jul Aug Sep Oct Nov Dec
V/Λ2014 > Jan Feb Mar Apr May Jun Jul Aug Sep Oct Nov Dec
V/Λ2013 > Jan Feb Mar Apr May Jun Jul Aug Sep Oct Nov Dec

Report for 2014 May
                   Monthly Climatological Summary for May 2014

Name: Shannon Station, Ohuka.   City: Hawkes Bay   State: New Zealand
Elevation: 587 m  Lat: S 38 46' 36"   Lon: E 177 20' 07"

                  Temperature (C), Rain (mm), Wind Speed (km/h)

                                      Heat  Cool        Avg
    Mean                              Deg   Deg         Wind                 Dom
Day Temp  High   Time   Low    Time   Days  Days  Rain  Speed High   Time    Dir
----------------------------------------------------------------------------------
 1  10.1  16.1   14:23   7.4   23:18   8.2   0.0   0.0   4.9  33.1   12:25    SW
 2  10.8  17.6   12:04   7.0   02:20   7.5   0.0   0.0   4.1  18.4   04:00    SW
 3  14.0  23.7   14:49   8.4   04:15   4.6   0.4   0.0   1.2  11.2   12:33   WSW
 4  14.6  18.6   13:46  10.6   22:35   3.7   0.0   0.0   5.9  28.1   12:18   ENE
 5  14.0  16.9   14:28   9.9   02:36   4.3   0.0   0.3   8.2  49.0   20:24   WNW
 6  15.4  20.2   14:56  12.2   23:43   2.9   0.1   0.0   5.0  37.8   10:13    SW
 7  13.7  19.6   12:53  11.9   06:59   4.6   0.0   0.0   4.1  33.1   15:10     W
 8  13.5  20.1   14:10  10.7   23:22   4.8   0.1   3.6   2.2  24.5   11:47   WSW
 9  10.8  14.1   10:46   9.6   05:03  13.3   0.0   0.3   1.7  18.4   02:15   WSW
10   0.0   0.0   00:03   0.0   00:03  18.3   0.0   0.0   0.0   0.0   00:03     E
11   0.0   0.0   00:03   0.0   00:03  18.3   0.0   0.0   0.0   0.0   00:03     E
12  11.0  11.9   20:17   0.0   00:03  15.6   0.0   5.1   0.7  22.0   17:45   WSW
13  11.9  17.3   14:25   8.8   07:16   6.8   0.0   0.0   2.4  19.4   10:33   WSW
14   9.6  16.0   12:50   5.8   22:45   8.7   0.0   2.4   3.0  24.5   16:15     W
15   7.2  14.7   09:52   5.7   01:16  11.6   0.0  47.4  14.6  57.6   16:01   WSW
16   7.5   9.5   11:39   6.1   05:11  10.8   0.0   2.4  15.5  49.0   12:53   WSW
17  11.3  22.9   14:20   5.7   01:54   7.3   0.3   0.0   1.4  12.2   17:32   WSW
18  12.8  21.6   13:51   6.3   03:13   5.7   0.1   0.0   2.6  22.0   14:06   NNW
19  12.3  20.4   14:03   9.0   05:04   6.0   0.0   0.0   2.0  15.8   08:50    SW
20  12.7  21.3   14:24   9.0   06:06   5.7   0.1   0.0   2.6  23.4   23:54     W
21  12.6  18.7   11:50   8.2   03:23   5.7   0.0   0.0   4.5  29.5   12:40   WSW
22   9.0  14.5   14:02   6.0   22:42   9.3   0.0   6.6   5.3  39.2   03:06    SW
23  11.7  17.2   13:18   6.2   00:42   6.6   0.0   0.0   5.4  43.9   17:40   WSW
24  14.5  17.3   11:29  12.8   01:03   3.8   0.0   0.0   8.0  52.6   14:19   WSW
25  12.6  17.2   14:23  10.3   20:06   5.7   0.0   0.0   6.6  45.4   01:37   WSW
26   5.9  12.3   00:16   1.1   23:23  16.5   0.0   0.0   2.0  51.5   01:17   WSW
27   2.7   5.3   10:03   0.7   04:53  16.9   0.0   0.0   0.0   0.0   00:00     E
28   8.2  15.9   13:57   4.0   01:02  10.1   0.0   0.0   0.0   0.0   00:00     E
29  10.3  14.0   12:42   5.7   00:10   8.0   0.0   0.3   0.0   0.0   00:00     E
30   7.3  12.4   00:00   4.9   23:53  11.0   0.0  37.5   0.0   0.0   00:00     E
31   6.0  10.3   15:14   4.0   07:25  12.3   0.0   1.8   0.0   0.0   00:00     E
----------------------------------------------------------------------------------
    10.1  23.7     3     0.0    10   274.6   1.1 107.7   3.9  57.6    15     WSW

Max >=  27.0:  0
Max <=   0.0:  2
Min <=   0.0:  3
Min <= -18.0:  0
Max Rain: 47.4 on day 15
Days of Rain: 11 (>= 0.2 mm)  7 (>= 2.0 mm)  2 (>= 20.0 mm)
Heat Base: 18.3  Cool Base: 18.3  Method: Integration
:Now: :Gauges: :Today: :Yesterday: :This Month: :This Year: :Records: :Monthly Records: :Graphs:
:Location Map: :Live NZ Map: :Weather Underground: :NOAA Reports: :NZLW Historic:

Powered By: Cumulus v1.9.3 (1058)