Ohuka, Hawkes Bay Weather

 Latitude S 39° 03' 33"    Longitude E 177° 06' 31"    Elevation 630 m (2067 ft)

Select a Year or Month report
V/Λ2018 > Jan Feb Mar Apr May Jun Jul Aug Sep Oct Nov Dec
V/Λ2017 > Jan Feb Mar Apr May Jun Jul Aug Sep Oct Nov Dec
V/Λ2016 > Jan Feb Mar Apr May Jun Jul Aug Sep Oct Nov Dec
V/Λ2015 > Jan Feb Mar Apr May Jun Jul Aug Sep Oct Nov Dec
V/Λ2014 > Jan Feb Mar Apr May Jun Jul Aug Sep Oct Nov Dec
V/Λ2013 > Jan Feb Mar Apr May Jun Jul Aug Sep Oct Nov Dec

Report for 2014 Apr
                   Monthly Climatological Summary for Apr 2014

Name: Shannon Station, Ohuka.   City: Hawkes Bay   State: New Zealand
Elevation: 587 m  Lat: S 38 46' 36"   Lon: E 177 20' 07"

                  Temperature (C), Rain (mm), Wind Speed (km/h)

                                      Heat  Cool        Avg
    Mean                              Deg   Deg         Wind                 Dom
Day Temp  High   Time   Low    Time   Days  Days  Rain  Speed High   Time    Dir
----------------------------------------------------------------------------------
 1  15.0  21.9   16:18  11.6   07:22   3.6   0.3   0.0   2.5  14.8   13:32   ENE
 2  15.1  21.0   15:57  10.8   07:22   3.4   0.2   0.0   8.3  28.1   13:56    NE
 3  14.2  21.2   13:04  11.4   23:54   4.2   0.1   0.3   6.5  22.0   11:51   ENE
 4  13.2  20.4   13:57  10.8   06:39   5.2   0.1   0.3   3.0  13.3   13:28   SSE
 5  12.4  14.9   13:53  11.0   00:03   5.9   0.0   9.6   7.2  33.1   22:16   SSW
 6  14.1  16.6   14:13  12.2   04:55   4.3   0.0  41.7   8.8  31.7   01:17    SW
 7  16.4  19.9   13:06  15.3   00:00   2.0   0.1  33.6   5.7  31.7   20:38    SE
 8  15.8  16.3   15:41  15.4   00:00   2.5   0.0  42.0   5.7  30.6   01:51   ESE
 9  15.7  18.9   10:27  14.8   22:28   2.7   0.0  16.2   3.9  19.4   21:34     S
10  15.2  19.1   12:38  13.6   23:40   3.1   0.0   6.9   3.9  19.4   15:24   SSE
11  14.1  16.3   15:20  12.3   22:49   4.3   0.0  17.7   5.5  25.6   11:55    NE
12  16.1  22.3   14:08  12.0   23:54   2.8   0.6  14.7   4.0  23.4   02:39   SSW
13   9.8  12.0   00:00   8.3   22:43   8.5   0.0  13.2   8.3  36.7   16:31    SW
14  10.2  12.2   13:18   8.3   00:00   8.1   0.0   1.8   5.3  23.4   23:31   ENE
15  12.8  18.1   13:39  10.0   05:31   5.5   0.0   0.3   6.4  25.6   13:15   ENE
16  14.0  18.7   14:02  11.8   01:16   4.3   0.0   0.0   4.5  41.8   11:17    SW
17  12.9  14.3   23:55  11.0   08:11   5.4   0.0  21.9  19.8  64.8   18:30    NE
18  14.8  16.9   12:43  13.1   17:57   3.5   0.0  12.9  10.8  34.2   11:00    NE
19  14.6  21.2   13:42  13.0   05:30   3.8   0.1   7.2   5.1  34.2   08:32     N
20  13.7  13.7   00:00  13.7   00:00   4.6   0.0   0.0   8.6  13.3   00:00   WSW
21  13.7  13.7   00:00  13.7   00:00   4.6   0.0   0.0   8.6  13.3   00:00   WSW
22  13.7  13.7   00:00  13.7   00:00   4.6   0.0   0.0   8.6  13.3   00:00   WSW
23  13.7  13.7   00:00  13.7   00:00   4.6   0.0   0.0   8.6  13.3   00:00   WSW
24  13.7  13.7   00:00  13.7   00:00   4.6   0.0   0.0   8.6  13.3   00:00   WSW
25  13.7  13.7   00:00  13.7   00:00   4.6   0.0   0.0   8.6  13.3   00:00   WSW
26  13.7  13.7   00:00  13.7   00:00  12.9   0.0   0.0   4.9  13.3   00:00   WSW
27   0.0   0.0   00:14   0.0   00:14  18.3   0.0   0.0   0.0   0.0   00:14     E
28   0.0   0.0   00:14   0.0   00:14  18.3   0.0   0.0   0.0   0.0   00:14     E
29   0.0   0.0   00:14   0.0   00:14  18.3   0.0   0.0   0.0   0.0   00:14     E
30  11.3  16.7   13:41   0.0   00:14  10.9   0.0   1.2   2.8  17.3   11:53    SE
----------------------------------------------------------------------------------
    12.5  22.3    12     0.0    27   189.4   1.5 241.5   6.5  64.8    17     SSW

Max >=  27.0:  0
Max <=   0.0:  3
Min <=   0.0:  4
Min <= -18.0:  0
Max Rain: 42.0 on day 8
Days of Rain: 17 (>= 0.2 mm)  12 (>= 2.0 mm)  4 (>= 20.0 mm)
Heat Base: 18.3  Cool Base: 18.3  Method: Integration
:Now: :Gauges: :Today: :Yesterday: :This Month: :This Year: :Records: :Monthly Records: :Graphs:
:Location Map: :Live NZ Map: :Weather Underground: :NOAA Reports: :NZLW Historic:

Powered By: Cumulus v1.9.3 (1058)