Ohuka, Hawkes Bay Weather

 Latitude S 39° 03' 33"    Longitude E 177° 06' 31"    Elevation 630 m (2067 ft)

Select a Year or Month report
V/Λ2018 > Jan Feb Mar Apr May Jun Jul Aug Sep Oct Nov Dec
V/Λ2017 > Jan Feb Mar Apr May Jun Jul Aug Sep Oct Nov Dec
V/Λ2016 > Jan Feb Mar Apr May Jun Jul Aug Sep Oct Nov Dec
V/Λ2015 > Jan Feb Mar Apr May Jun Jul Aug Sep Oct Nov Dec
V/Λ2014 > Jan Feb Mar Apr May Jun Jul Aug Sep Oct Nov Dec
V/Λ2013 > Jan Feb Mar Apr May Jun Jul Aug Sep Oct Nov Dec

Report for 2014 Mar
                   Monthly Climatological Summary for Mar 2014

Name: Shannon Station, Ohuka.   City: Hawkes Bay   State: New Zealand
Elevation: 587 m  Lat: S 38 46' 36"   Lon: E 177 20' 07"

                  Temperature (C), Rain (mm), Wind Speed (km/h)

                                      Heat  Cool        Avg
    Mean                              Deg   Deg         Wind                 Dom
Day Temp  High   Time   Low    Time   Days  Days  Rain  Speed High   Time    Dir
----------------------------------------------------------------------------------
 1  12.2  19.0   16:38   8.3   06:58   6.1   0.0   0.0   7.5  35.6   07:43    SW
 2  14.4  22.6   16:18   9.0   02:27   4.5   0.5   0.0   4.8  27.0   23:09    SW
 3  14.2  21.2   13:10   7.8   23:58   4.2   0.1   0.3   6.6  37.8   18:42    SW
 4  11.4  20.4   16:45   4.7   06:06   7.0   0.1   0.3   5.9  31.7   14:37    SW
 5  11.8  18.0   14:49   8.4   05:09   6.5   0.0   5.4  12.9  57.6   22:12   WSW
 6  10.8  14.3   12:09   8.6   08:22   7.5   0.0   8.7  12.6  56.2   00:13    SW
 7  14.3  23.3   16:59   9.1   06:48   4.5   0.5   0.3   3.5  22.0   19:25    NE
 8  14.8  16.4   08:03  12.7   05:01   3.7   0.0   0.0   2.6  15.8   00:46   WSW
 9  14.4  21.6   13:26  11.6   04:42   4.1   0.2   0.3   3.1  18.4   13:44   SSE
10  12.8  20.0   14:02  10.3   23:46   5.5   0.0   6.9   5.2  33.1   05:57    SW
11  15.2  24.0   14:46   9.7   01:52   3.8   0.7   0.0   4.4  18.4   10:53    NE
12  15.0  21.5   16:54  12.2   06:52   3.5   0.3   0.0   4.0  24.5   21:15   ENE
13  17.9  25.5   15:28  12.6   02:36   2.1   1.7   0.0   3.4  19.4   13:26   NNE
14  16.6  22.7   12:47  12.8   06:39   2.4   0.7   0.0   3.6  17.3   11:54   ENE
15  15.1  17.0   23:58  13.2   04:36   3.2   0.0  13.5  19.0  60.1   18:06    NE
16  18.9  23.4   15:41  16.2   23:54   0.5   1.1   1.2  11.5  50.0   00:12   ENE
17  18.8  25.7   13:58  14.9   07:12   1.2   1.7   0.0   5.6  46.4   06:29   WSW
18  18.7  28.9   16:04  14.1   06:25   1.5   1.8   1.5   3.3  18.4   18:16     W
19  17.7  23.1   16:02  14.8   06:57   1.2   0.7   0.0   3.9  23.4   18:28    NE
20  18.2  26.5   12:51  13.8   06:02   2.0   1.8   0.0   3.0  18.4   17:09   SSW
21  11.5  14.0   00:08   9.6   23:39   6.8   0.0  32.1  13.0  47.9   09:17    SW
22  10.5  12.9   22:16   8.0   06:53   7.8   0.0   9.6   8.3  28.1   16:00    SW
23  13.1  15.1   09:39  11.8   23:52   5.2   0.0   7.2   3.0  18.4   12:01     E
24  16.4  24.6   15:46  11.0   02:04   2.9   1.0   0.0   2.3  13.3   13:20     N
25  16.8  22.6   16:27  12.2   07:02   2.3   0.8   0.0   3.7  29.5   13:15   WSW
26  10.7  15.1   16:01   8.0   08:25   7.6   0.0   0.6  10.0  45.4   12:26    SW
27  10.8  17.0   15:18   6.7   04:56   7.5   0.0   0.0   9.2  42.8   14:27   WSW
28  16.5  24.2   14:41  11.6   07:06   2.8   1.0   0.0   4.2  17.3   11:11   WSW
29  19.2  28.5   14:42  13.9   06:11   1.5   2.3   0.0   4.3  17.3   11:14    NW
30  19.4  28.3   15:21  14.4   22:07   1.3   2.4   0.0   2.1  13.3   06:28    SW
31  16.5  23.6   14:10  12.5   08:29   2.6   0.8   0.0   2.7  13.3   08:20     S
----------------------------------------------------------------------------------
    15.0  28.9    18     4.7     4   123.3  20.2  87.9   6.2  60.1    15      SW

Max >=  27.0:  3
Max <=   0.0:  0
Min <=   0.0:  0
Min <= -18.0:  0
Max Rain: 32.1 on day 21
Days of Rain: 14 (>= 0.2 mm)  7 (>= 2.0 mm)  1 (>= 20.0 mm)
Heat Base: 18.3  Cool Base: 18.3  Method: Integration
:Now: :Gauges: :Today: :Yesterday: :This Month: :This Year: :Records: :Monthly Records: :Graphs:
:Location Map: :Live NZ Map: :Weather Underground: :NOAA Reports: :NZLW Historic:

Powered By: Cumulus v1.9.3 (1058)