Ohuka, Hawkes Bay Weather

 Latitude S 39° 03' 33"    Longitude E 177° 06' 31"    Elevation 630 m (2067 ft)

Select a Year or Month report
V/Λ2018 > Jan Feb Mar Apr May Jun Jul Aug Sep Oct Nov Dec
V/Λ2017 > Jan Feb Mar Apr May Jun Jul Aug Sep Oct Nov Dec
V/Λ2016 > Jan Feb Mar Apr May Jun Jul Aug Sep Oct Nov Dec
V/Λ2015 > Jan Feb Mar Apr May Jun Jul Aug Sep Oct Nov Dec
V/Λ2014 > Jan Feb Mar Apr May Jun Jul Aug Sep Oct Nov Dec
V/Λ2013 > Jan Feb Mar Apr May Jun Jul Aug Sep Oct Nov Dec

Report for 2014 Feb
                   Monthly Climatological Summary for Feb 2014

Name: Shannon Station, Ohuka.   City: Hawkes Bay   State: New Zealand
Elevation: 587 m  Lat: S 38 46' 36"   Lon: E 177 20' 07"

                  Temperature (C), Rain (mm), Wind Speed (km/h)

                                      Heat  Cool        Avg
    Mean                              Deg   Deg         Wind                 Dom
Day Temp  High   Time   Low    Time   Days  Days  Rain  Speed High   Time    Dir
----------------------------------------------------------------------------------
 1  20.3  20.3   00:05  20.3   00:05   0.0   2.0   2.5   3.6   6.1   00:05     E
 2  20.3  20.3   00:05  20.3   00:05   0.0   2.0   0.6   3.6   6.1   00:05     E
 3  20.3  20.3   00:05  20.3   00:05   0.0   2.0   0.0   3.6   6.1   00:05     E
 4  20.3  20.3   00:05  20.3   00:05   0.0   2.0   0.0   3.6   6.1   00:05     E
 5  20.3  20.3   00:05  20.3   00:05   0.0   2.0   0.0   3.6   6.1   00:05     E
 6  20.3  20.3   00:05  20.3   00:05   0.0   2.0   5.1   3.6   6.1   00:05     E
 7  20.3  20.3   00:05  20.3   00:05   0.0   2.0   2.3   3.6   6.1   00:05     E
 8  20.3  20.3   00:05  20.3   00:05   0.0   2.0  10.3   3.6   6.1   00:05     E
 9  13.8  20.3   00:05  12.8   14:53   6.9   1.2  11.6   2.6  46.4   14:54     E
10   0.0   0.0   00:14   0.0   00:14  18.3   0.0  42.6   0.0   0.0   00:14     E
11   0.0   0.0   00:14   0.0   00:14  18.3   0.0   1.2   0.0   0.0   00:14     E
12   0.0   0.0   00:14   0.0   00:14  18.3   0.0   0.0   0.0   0.0   00:14     E
13   0.0   0.0   00:14   0.0   00:14  18.3   0.0   0.0   0.0   0.0   00:14     E
14   0.0   0.0   00:14   0.0   00:14  18.3   0.0   0.0   0.0   0.0   00:14     E
15   0.0   0.0   00:14   0.0   00:14  18.3   0.0   0.0   0.0   0.0   00:14     E
16   0.0   0.0   00:14   0.0   00:14  18.3   0.0   0.0   0.0   0.0   00:14     E
17   0.0   0.0   00:14   0.0   00:14  18.3   0.0   0.0   0.0   0.0   00:14     E
18   0.0   0.0   00:14   0.0   00:14  18.3   0.0   0.0   0.0   0.0   00:14     E
19   0.0   0.0   00:14   0.0   00:14  18.3   0.0   0.0   0.0   0.0   00:14     E
20   0.0   0.0   00:14   0.0   00:14  18.3   0.0   0.0   0.0   0.0   00:14     E
21   0.0   0.0   00:14   0.0   00:14  18.3   0.0   0.0   0.0   0.0   00:14     E
22   0.0   0.0   00:14   0.0   00:14  18.3   0.0   0.0   0.0   0.0   00:14     E
23   0.0   0.0   00:14   0.0   00:14  18.3   0.0   0.0   0.0   0.0   00:14     E
24   0.0   0.0   00:14   0.0   00:14  18.3   0.0   2.1   0.0   0.0   00:14     E
25   0.0   0.0   00:14   0.0   00:14  18.3   0.0   0.0   0.0   0.0   00:14     E
26  13.2  15.3   17:03   0.0   00:14  13.9   0.0   0.0   1.9  17.3   17:40    SE
27  15.3  24.1   17:34  11.2   00:50   3.6   0.6   0.6   3.9  24.5   19:52   ESE
28  18.7  27.2   16:37  12.8   05:02   1.9   2.3   0.0   5.5  33.1   03:24   WSW
----------------------------------------------------------------------------------
     8.0  27.2    28     0.0    10   319.1  20.1  78.9   1.7  46.4     9       E

Max >=  27.0:  1
Max <=   0.0: 16
Min <=   0.0: 17
Min <= -18.0:  0
Max Rain: 42.6 on day 10
Days of Rain: 10 (>= 0.2 mm)  7 (>= 2.0 mm)  1 (>= 20.0 mm)
Heat Base: 18.3  Cool Base: 18.3  Method: Integration
:Now: :Gauges: :Today: :Yesterday: :This Month: :This Year: :Records: :Monthly Records: :Graphs:
:Location Map: :Live NZ Map: :Weather Underground: :NOAA Reports: :NZLW Historic:

Powered By: Cumulus v1.9.3 (1058)