Ohuka, Hawkes Bay Weather

 Latitude S 39° 03' 33"    Longitude E 177° 06' 31"    Elevation 630 m (2067 ft)

Select a Year or Month report
V/Λ2018 > Jan Feb Mar Apr May Jun Jul Aug Sep Oct Nov Dec V/Λ2017 > Jan Feb Mar Apr May Jun Jul Aug Sep Oct Nov Dec V/Λ2016 > Jan Feb Mar Apr May Jun Jul Aug Sep Oct Nov Dec V/Λ2015 > Jan Feb Mar Apr May Jun Jul Aug Sep Oct Nov Dec V/Λ2014 > Jan Feb Mar Apr May Jun Jul Aug Sep Oct Nov Dec V/Λ2013 > Jan Feb Mar Apr May Jun Jul Aug Sep Oct Nov Dec

Report for 2013 Oct
                   Monthly Climatological Summary for Oct 2013

Name: Shannon Station, Ohuka.   City: Hawkes Bay   State: New Zealand
Elevation: 587 m  Lat: S 38 46' 36"   Lon: E 177 20' 07"

                  Temperature (C), Rain (mm), Wind Speed (km/h)

                                      Heat  Cool        Avg
    Mean                              Deg   Deg         Wind                 Dom
Day Temp  High   Time   Low    Time   Days  Days  Rain  Speed High   Time    Dir
----------------------------------------------------------------------------------
 1  13.2  17.4   5:44p   8.5  11:59p   5.2   0.0   5.7  13.9  46.4   3:28a    SW
 2  13.9  23.8   5:30p   6.2   6:40a   5.3   0.9   0.0   4.4  17.3   8:10a    NE
 3  14.7  23.7  12:20p   7.7   7:12a   4.5   0.1   0.0   4.5  46.4  12:20p   WSW
 4  14.0  21.9   3:38p   8.1   6:42a   4.7   0.3   0.0   4.7  18.4   1:32p    NE
 5  15.5  21.7   4:08p   9.0   7:10a   3.4   0.7   0.0   4.8  18.4   2:17p   SSW
 6  17.5  24.6   5:56p  10.9   6:41a   2.6   1.8   0.0   5.7  20.9   3:21p     E
 7  16.2  23.9   5:54p   9.3   5:41a   3.2   1.2   0.0   4.5  18.4  12:12p   ENE
 8  16.1  23.7   5:17p  11.0   3:40a   2.8   0.6   0.0   7.2  39.2   6:11p   WNW
 9  14.3  18.2   9:30a  10.1  11:55p   4.1   0.0   5.1  17.3  49.0  10:51a     W
10  11.9  18.4   5:37p   6.2   6:40a   6.5   0.0   0.9   7.2  31.7  10:56p   NNW
11  16.9  21.3   4:15p  10.9  12:00a   2.2   0.7   1.2   9.2  60.1  10:52p   NNW
12  14.8  19.5  12:00a  10.6  11:47p   3.5   0.0   2.7   9.8  40.3   4:40p    NW
13  15.3  26.6   5:17p   7.5   3:41a   3.7   0.7   0.0   5.7  28.1  11:19p   NNW
14  17.2  22.1   4:43p  10.6   3:41a   1.8   0.8   0.0  15.7  68.4   1:38p     N
15  17.1  24.1  10:35a   8.5  11:40p   2.6   1.4  10.8  15.3  67.3   2:31p    NW
16  12.4  18.8   2:39p   7.2   3:42a   5.8   0.0   0.0   5.3  33.1  11:55a    NW
17  14.8  22.2   2:13p   6.8   6:41a   4.5   0.9   0.0   4.4  18.4  11:44a   WNW
18  17.2  27.2   3:11p   9.2   6:41a   2.9   1.8   0.0   5.5  22.0   8:23p   NNE
19  15.1  21.3   4:57p  10.3  11:36p   3.3   0.1   0.0   4.7  18.4   3:16p     W
20  19.2  29.6   5:10p  10.3  12:00a   4.1   1.3   0.0   7.6  24.5   6:12p   SSW
21  18.8  28.7   2:54p  11.3   5:17a   2.6   2.7   0.0   8.2  28.1  11:41a   NNW
22  14.9  20.6   1:05p   8.8   5:17a   3.7   0.3   0.0  12.8  41.8   5:24p    NW
23  12.9  15.7  12:00a  11.1  11:55p   5.6   0.0   4.5   5.1  28.1  10:06a     S
24  16.5  23.8   4:41p  10.0   5:57a   2.9   1.1   0.0   9.2  41.8  11:06a     N
25  17.4  22.2   2:42p  13.0  11:54p   1.7   0.7   6.0  15.3  56.2   5:51p   NNW
26  15.1  22.9   1:13p   7.5   6:16a   4.0   0.8   0.0   6.8  33.1   6:11p    NE
27  14.4  20.8   3:57p   7.0   6:16a   4.2   0.3   0.0  12.5  42.8   8:46a   NNW
28  11.7  18.5  10:21a   4.7   6:16a   6.7   0.0   1.8   7.1  31.7   4:50p   WSW
29  10.9  15.9   2:54p   8.0   5:46a   7.4   0.0   2.4   5.6  27.0   3:37p   SSE
30  12.3  17.4  11:45a   6.8   6:55a   6.0   0.0   0.0   5.1  23.4   1:01p     E
31  14.6  20.5   5:20p  10.5   5:41a   3.7   0.1   3.0   8.1  36.7   4:59p    NE
----------------------------------------------------------------------------------
    15.1  29.6    20     4.7    28   125.2  19.3  44.1   8.2  68.4    14      NW

Max >=  27.0:  3
Max <=   0.0:  0
Min <=   0.0:  0
Min <= -18.0:  0
Max Rain: 10.8 on day 15
Days of Rain: 11 (>= 0.2 mm)  8 (>= 2.0 mm)  0 (>= 20.0 mm)
Heat Base: 18.3  Cool Base: 18.3  Method: Integration
:Now: :Gauges: :Today: :Yesterday: :This Month: :This Year: :Records: :Monthly Records: :Graphs:
:Location Map: :Live NZ Map: :Weather Underground: :NOAA Reports: :NZLW Historic:

Powered By: Cumulus v1.9.3 (1058)