Mohaka, Hawkes Bay Weather

 Latitude S 39° 03' 33"    Longitude E 177° 06' 31"    Elevation 400 ft (1312 ft)

Select a Year or Month report
V/Λ2018 > Jan Feb Mar Apr May Jun Jul Aug Sep Oct Nov Dec
V/Λ2017 > Jan Feb Mar Apr May Jun Jul Aug Sep Oct Nov Dec
V/Λ2016 > Jan Feb Mar Apr May Jun Jul Aug Sep Oct Nov Dec
V/Λ2015 > Jan Feb Mar Apr May Jun Jul Aug Sep Oct Nov Dec
V/Λ2014 > Jan Feb Mar Apr May Jun Jul Aug Sep Oct Nov Dec
V/Λ2013 > Jan Feb Mar Apr May Jun Jul Aug Sep Oct Nov Dec

Report for 2017 Jul
                   Monthly Climatological Summary for Jul 2017

Name: Mohaka   City: Hawkes Bay   State: New Zealand
Elevation: 400 ft  Lat: S 39° 03' 33"   Lon: E 177° 06' 31"

                  Temperature (°C), Rain (mm), Wind Speed (km/h)

                                      Heat  Cool        Avg
    Mean                              Deg   Deg         Wind                 Dom
Day Temp  High   Time   Low    Time   Days  Days  Rain  Speed High   Time    Dir
----------------------------------------------------------------------------------
10  10.2  16.2   16:28   5.5   23:59   8.1   0.0   9.0  ----  41.8   03:42   WSW
11   8.5  19.1   14:52   4.4   05:48   9.9   0.0   0.0  ----  18.4   22:16   NNW
12   6.0   9.5   12:16   3.2   05:11  12.3   0.0   5.7  ----  52.6   18:18     W
13   7.3  11.8   14:11   5.0   11:12  11.0   0.0  15.0  ----  41.8   00:19     W
14  10.1  11.8   15:48   6.7   02:04   8.3   0.0  67.2  ----  79.6   12:29     S
15   9.1  12.7   14:56   4.3   23:13   9.2   0.0  14.4  ----  49.0   00:36   WSW
16   7.0  16.2   14:16   1.7   07:31  11.3   0.0   0.0  ----  19.4   09:33   NNW
17   9.5  15.3   12:32   3.9   03:22   8.8   0.0   0.0  ----  36.7   12:22   NNW
18  10.4  14.0   12:12   8.7   23:46   7.9   0.0   1.2  ----  22.0   04:30   WSW
19  11.5  19.7   15:34   5.2   07:36   6.8   0.0   0.0  ----  20.9   14:02     N
20  13.3  20.2   14:46   5.3   07:31   5.1   0.1   0.6  ----  43.9   22:18    NE
21  14.1  18.3   12:43   9.9   18:34   4.2   0.0   0.9  ----  50.0   14:42     N
22  13.1  16.0   11:11  10.6   21:12   5.2   0.0   6.6  ----  41.8   22:43   WNW
23  10.1  14.5   14:59   5.8   23:54   8.2   0.0   0.3  ----  40.3   01:59   WSW
24   9.6  17.8   15:28   4.3   05:47   8.7   0.0   0.0  ----  23.4   14:43   NNW
25  10.3  19.6   15:36   5.8   02:42   8.0   0.0   0.0  ----  17.3   00:56   NNW
26   9.4  18.6   14:40   3.8   07:05   8.9   0.0   0.0  ----  17.3   08:48   NNW
27  10.3  15.7   10:59   4.1   05:18   8.0   0.0   2.4   0.0  46.4   11:28   NNW
28   7.1   8.5   15:24   4.7   23:53  12.0   0.0   5.7   2.2  29.7   22:17     S
29   6.7  12.1   13:20   4.2   02:11  11.6   0.0   0.0   5.0  58.3   12:36     E
30   5.4  17.2   14:44  -1.0   07:35  12.9   0.0   0.0   0.7  27.4   12:24     N
31   5.3  20.2   13:40  -1.7   06:41  13.1   0.1   0.0   0.4  18.0   01:55   WNW
----------------------------------------------------------------------------------
     9.3  20.2    20    -1.7    31   199.5   0.2 129.0   2.0  79.6    14     ESE

Max >=  27.0:  0
Max <=   0.0:  0
Min <=   0.0:  2
Min <= -18.0:  0
Max Rain: 67.2 on day 14
Days of Rain: 12 (>= 0.2 mm)  8 (>= 2.0 mm)  1 (>= 20.0 mm)
Heat Base: 18.3  Cool Base: 18.3  Method: Integration
:Now:::Today:::Yesterday:::This Month:::This Year:::Records:::NZLWF Records:
:Monthly Records:::Gauges:::Trends:::Location Map:::NOAA Reports:

Powered By: Cumulus v1.9.3 (1058)