Mohaka, Hawkes Bay Weather

 Latitude S 39° 03' 33"    Longitude E 177° 06' 31"    Elevation 400 ft (1312 ft)

Select a Year or Month report
V/Λ2018 > Jan Feb Mar Apr May Jun Jul Aug Sep Oct Nov Dec
V/Λ2017 > Jan Feb Mar Apr May Jun Jul Aug Sep Oct Nov Dec
V/Λ2016 > Jan Feb Mar Apr May Jun Jul Aug Sep Oct Nov Dec
V/Λ2015 > Jan Feb Mar Apr May Jun Jul Aug Sep Oct Nov Dec
V/Λ2014 > Jan Feb Mar Apr May Jun Jul Aug Sep Oct Nov Dec
V/Λ2013 > Jan Feb Mar Apr May Jun Jul Aug Sep Oct Nov Dec

Report for 2016 Mar
                   Monthly Climatological Summary for Mar 2016

Name: Wairoa,   City: Hawkes Bay.   State: New Zealand
Elevation: 55 m  Lat: S 39 02' 42"   Lon: E 177 25' 35"

                  Temperature (C), Rain (mm), Wind Speed (km/h)

                                      Heat  Cool        Avg
    Mean                              Deg   Deg         Wind                 Dom
Day Temp  High   Time   Low    Time   Days  Days  Rain  Speed High   Time    Dir
----------------------------------------------------------------------------------
 1  15.7  19.2   14:24  14.5   06:29   2.6   0.0   9.3   4.4  27.0   05:41    SE
 2  15.7  17.8   12:01  13.9   04:05   2.6   0.0   2.7   5.5  28.1   11:17     S
 3  17.5  26.0   18:15  11.2   07:04   1.9   1.2   0.0   5.0  20.9   00:22   ESE
 4  19.6  27.8   16:37  11.9   03:22   1.7   3.0   0.0   3.7  22.0   10:03    NE
 5  20.9  31.0   16:53  13.4   03:55   1.4   4.0   0.0   3.8  18.4   15:17    NE
 6  21.3  29.1   18:04  16.2   05:34   0.4   3.4   0.0   4.3  20.9   16:13   SSE
 7  21.7  30.7   17:33  15.5   06:38   0.6   4.0   0.0   2.3  14.8   13:33     S
 8  22.4  35.2   16:26  15.4   05:48   0.7   4.8   0.0   5.1  25.6   11:58   NNW
 9  19.4  23.7   14:45  16.7   23:39   0.2   1.3   0.3   7.0  28.1   01:04   SSE
10  21.8  30.1   16:04  13.7   04:24   1.2   4.7   0.0  10.2  42.8   12:23   NNW
11  17.0  22.5   00:04  13.1   23:27   2.0   0.8   1.2  21.4  60.1   18:11    SW
12  14.7  22.0   16:51   9.2   23:50   3.8   0.3   1.5   7.8  36.7   00:07    SW
13  14.8  25.0   17:35   7.3   05:46   4.9   1.3   0.0   3.1  18.4   14:19   ESE
14  16.3  23.3   14:36  10.6   01:23   2.9   0.9   0.6   2.6  13.3   06:12    NW
15  20.2  28.6   18:02  15.3   05:15   1.0   2.9   0.3   2.5  23.4   13:25    NW
16  16.6  19.9   00:55  13.8   23:16   1.8   0.2  19.8  10.8  41.8   21:37    SW
17  14.5  16.9   12:41  12.6   07:29   3.8   0.0  18.0   1.6  23.4   00:37    SW
18  18.2  26.4   16:07  13.0   03:49   1.8   1.8   0.0   1.5  18.4   13:41    NE
19  19.5  26.4   17:01  15.1   06:58   0.9   2.1   0.0   5.5  34.2   10:57    NE
20  20.0  27.3   15:52  14.0   02:56   1.0   2.7   0.0   4.4  28.1   11:50   NNE
21  20.0  29.8   16:15  11.7   07:24   1.6   3.3   0.0   3.3  24.5   11:58    NE
22  20.0  28.5   15:59  13.4   07:20   1.2   2.9   0.0   3.7  25.6   13:34    NE
23  21.1  27.2   13:19  14.6   07:04   0.5   3.3   0.0   5.9  37.8   14:56    NE
24  21.2  25.8   13:58  17.7   01:59   0.0   2.9   8.7   6.7  45.4   07:31   NNE
25  17.6  19.3   00:00  16.7   08:05   0.7   0.1  30.3   3.8  30.6   19:08    SW
26  16.9  19.5   15:04  15.6   23:49   1.4   0.0  10.8   5.3  20.9   12:09     S
27  18.5  27.6   17:14  13.7   07:42   1.7   1.9   0.3   1.0  14.8   14:45   SSE
28  18.7  27.2   16:09  12.1   07:09   1.8   2.2   0.0   3.2  14.8   09:23   WNW
29  18.8  27.3   17:21  13.9   06:01   1.6   2.1   0.0   2.3  17.3   12:33   SSE
30  15.8  18.4   09:41  11.2   07:30   2.5   0.0   0.0  11.7  29.5   00:51   WSW
----------------------------------------------------------------------------------
    18.5  35.2     8     7.3    13    50.2  58.1 103.8   5.3  60.1    11     SSW

Max >=  27.0: 14
Max <=   0.0:  0
Min <=   0.0:  0
Min <= -18.0:  0
Max Rain: 30.3 on day 25
Days of Rain: 13 (>= 0.2 mm)  7 (>= 2.0 mm)  1 (>= 20.0 mm)
Heat Base: 18.3  Cool Base: 18.3  Method: Integration
:Now:::Today:::Yesterday:::This Month:::This Year:::Records:::NZLWF Records:
:Monthly Records:::Gauges:::Trends:::Location Map:::NOAA Reports:

Powered By: Cumulus v1.9.3 (1058)