Mohaka, Hawkes Bay Weather

 Latitude S 39° 03' 33"    Longitude E 177° 06' 31"    Elevation 400 ft (1312 ft)

Select a Year or Month report
V/Λ2018 > Jan Feb Mar Apr May Jun Jul Aug Sep Oct Nov Dec
V/Λ2017 > Jan Feb Mar Apr May Jun Jul Aug Sep Oct Nov Dec
V/Λ2016 > Jan Feb Mar Apr May Jun Jul Aug Sep Oct Nov Dec
V/Λ2015 > Jan Feb Mar Apr May Jun Jul Aug Sep Oct Nov Dec
V/Λ2014 > Jan Feb Mar Apr May Jun Jul Aug Sep Oct Nov Dec
V/Λ2013 > Jan Feb Mar Apr May Jun Jul Aug Sep Oct Nov Dec

Report for 2016 Feb
                   Monthly Climatological Summary for Feb 2016

Name: Wairoa,   City: Hawkes Bay.   State: New Zealand
Elevation: 55 m  Lat: S 39 02' 42"   Lon: E 177 25' 35"

                  Temperature (C), Rain (mm), Wind Speed (km/h)

                                      Heat  Cool        Avg
    Mean                              Deg   Deg         Wind                 Dom
Day Temp  High   Time   Low    Time   Days  Days  Rain  Speed High   Time    Dir
----------------------------------------------------------------------------------
 1  20.1  26.9   17:35  15.7   05:57   0.7   2.6   0.0   2.1  24.5   15:17    SE
 2  22.6  30.9   18:00  16.7   02:17   0.4   4.7   0.0   2.7  14.8   12:34   SSE
 3  21.1  27.7   18:11  15.8   05:11   0.5   3.4   0.0   2.5  19.4   14:10    SE
 4  22.1  30.9   17:04  14.7   05:50   0.7   4.6   0.0   4.6  41.8   07:45   NNE
 5  21.7  30.1   16:41  13.2   06:11   0.9   4.3   0.0   3.5  20.9   13:23   ESE
 6  20.1  21.4   14:26  18.9   23:51   0.0   1.8   1.5   2.6  24.5   23:48    SW
 7  18.7  22.8   18:16  14.2   23:52   0.5   0.9   4.2   4.2  33.1   01:47   SSE
 8  14.7  19.2   20:04  13.4   01:46   3.7   0.0   0.0   0.2  11.2   20:15     E
 9  20.4  29.7   15:37  12.2   04:07   1.8   3.9   0.0   2.0  18.4   17:56   NNW
10  21.2  26.6   16:16  16.1   23:51   0.1   3.0   0.0   7.1  41.8   03:58     S
11  20.9  30.0   17:50  13.0   06:18   1.4   3.9   0.0   2.7  19.4   17:11    SE
12  23.2  32.1   17:50  17.0   06:27   0.1   5.0   0.0   2.0  22.0   19:02     S
13  22.3  31.0   17:35  17.6   06:27   0.0   4.0   0.0   2.0  20.9   13:35   SSE
14  22.2  29.3   16:38  16.2   04:42   0.3   4.2   0.0   3.7  25.6   17:45   ENE
15  22.8  30.1   16:39  16.9   06:24   0.1   4.6   0.0   4.7  25.6   11:31   NNE
16  22.2  29.0   12:54  17.0   07:02   0.1   4.1   0.0   4.1  24.5   14:57     N
17  20.4  22.9   13:27  17.9   21:07   0.0   2.1   2.9   7.6  40.3   12:19   NNE
18  23.4  29.2   13:41  19.1   00:01   0.0   5.1   0.3  12.7  45.4   13:03   NNE
19  22.8  27.8   15:47  19.0   23:55   0.0   4.5   2.4   7.0  34.2   03:39   NNW
20  21.2  29.1   17:38  13.5   07:05   0.6   3.5   0.0   3.5  18.4   02:34    NE
21  20.5  29.2   16:47  13.5   06:48   0.9   3.2   0.0   3.4  23.4   18:53   SSW
22  20.4  24.0   11:20  17.0   23:59   0.1   2.2   0.0   6.1  28.1   16:12    SE
23  21.7  27.8   13:11  14.5   05:06   0.7   4.1   0.0   5.3  30.6   16:14   NNW
24  21.8  32.2   18:19  14.2   07:02   0.6   4.1   0.0   3.1  20.9   10:54     N
25  22.5  32.7   17:06  14.1   06:13   0.6   4.8   0.0   2.7  17.3   11:57     N
26  24.8  36.6   15:44  17.3   06:47   0.1   6.6   0.0   3.3  20.9   16:50   NNW
27  24.9  32.1   17:13  19.6   06:33   0.0   6.6   0.0   6.1  31.7   11:52   NNW
28  24.8  31.8   16:13  19.4   06:43   0.0   6.5   0.0   2.5  14.8   13:41     S
29  22.1  25.4   00:00  15.9   23:11   0.3   4.2   9.6   5.5  43.9   17:07   SSW
----------------------------------------------------------------------------------
    21.6  36.6    26    12.2     9    15.2 112.5  20.9   4.1  45.4    18      NE

Max >=  27.0: 21
Max <=   0.0:  0
Min <=   0.0:  0
Min <= -18.0:  0
Max Rain: 9.6 on day 29
Days of Rain: 6 (>= 0.2 mm)  4 (>= 2.0 mm)  0 (>= 20.0 mm)
Heat Base: 18.3  Cool Base: 18.3  Method: Integration
:Now:::Today:::Yesterday:::This Month:::This Year:::Records:::NZLWF Records:
:Monthly Records:::Gauges:::Trends:::Location Map:::NOAA Reports:

Powered By: Cumulus v1.9.3 (1058)