Mohaka, Hawkes Bay Weather

 Latitude S 39° 03' 33"    Longitude E 177° 06' 31"    Elevation 400 ft (1312 ft)

Select a Year or Month report
V/Λ2018 > Jan Feb Mar Apr May Jun Jul Aug Sep Oct Nov Dec
V/Λ2017 > Jan Feb Mar Apr May Jun Jul Aug Sep Oct Nov Dec
V/Λ2016 > Jan Feb Mar Apr May Jun Jul Aug Sep Oct Nov Dec
V/Λ2015 > Jan Feb Mar Apr May Jun Jul Aug Sep Oct Nov Dec
V/Λ2014 > Jan Feb Mar Apr May Jun Jul Aug Sep Oct Nov Dec
V/Λ2013 > Jan Feb Mar Apr May Jun Jul Aug Sep Oct Nov Dec

Report for 2016 Jan
                   Monthly Climatological Summary for Jan 2016

Name: Wairoa,   City: Hawkes Bay.   State: New Zealand
Elevation: 55 m  Lat: S 39 02' 42"   Lon: E 177 25' 35"

                  Temperature (C), Rain (mm), Wind Speed (km/h)

                                      Heat  Cool        Avg
    Mean                              Deg   Deg         Wind                 Dom
Day Temp  High   Time   Low    Time   Days  Days  Rain  Speed High   Time    Dir
----------------------------------------------------------------------------------
 1  18.7  24.7   13:12  15.5   02:06   1.3   1.7   0.0   3.1  19.4   15:50    NE
 2  17.9  23.1   12:27  14.3   22:12   1.1   0.8   5.4   5.1  25.6   09:29    NE
 3  20.5  29.6   14:48  14.3   00:47   1.4   3.6   3.9   6.1  36.7   21:11     W
 4  14.4  15.9   00:00  12.9   09:21   3.9   0.0  27.6  16.8  49.0   07:51   SSW
 5  15.5  20.1   16:35  10.2   23:56   3.1   0.3   0.0   5.8  28.1   19:06    SE
 6  14.6  21.6   16:11   8.0   04:27   4.2   0.6   0.0   5.5  25.6   18:47   ESE
 7  18.4  27.7   17:40  11.1   04:56   2.4   2.5   0.0   5.7  27.0   20:10   NNW
 8  21.9  28.5   18:38  12.6   03:13   0.8   4.4   0.0   9.0  52.6   14:28   NNW
 9  23.0  30.5   11:50  15.2   23:44   0.2   4.9   0.0   9.1  36.7   04:36     N
10  19.3  28.6   13:04  11.4   06:06   1.9   2.9   0.0   8.1  40.3   18:15    SW
11  18.4  25.3   17:40  13.3   04:51   1.5   1.6   0.0   5.2  22.0   21:51   ENE
12  20.7  27.3   17:21  16.2   05:58   0.3   2.7   0.0   6.0  31.7   16:39     N
13  20.2  26.6   16:25  15.2   05:55   0.7   2.6   0.0   5.7  33.1   16:52     S
14  18.7  26.6   19:14  14.2   06:06   1.2   1.7   0.6   5.2  24.5   03:56    SE
15  23.2  30.6   17:34  16.7   00:24   0.2   5.1   0.0  12.7  41.8   14:22   NNW
16  22.0  29.8   17:55  14.6   06:27   0.7   4.3   0.0   4.7  18.4   12:41     S
17  21.9  31.0   16:43  14.8   05:32   0.6   4.2   1.2   4.5  24.5   20:17    SE
18  22.6  30.8   16:44  17.5   06:04   0.1   4.3   0.0   5.0  45.4   14:18   ENE
19  23.8  30.0   16:38  20.3   23:41   0.0   5.5   0.9  10.5  36.7   12:29   NNE
20  23.4  30.1   14:20  15.3   05:45   0.3   5.4   0.0   6.2  27.0   16:38   NNW
21  23.7  32.9   18:43  17.0   06:08   0.1   5.5   0.0   5.5  22.0   19:10   NNW
22  23.1  32.1   17:00  15.1   05:22   0.6   5.4   0.0   3.4  22.0   10:46    SE
23  23.5  32.9   17:48  15.5   06:13   0.4   5.6   0.0   2.7  18.4   15:04    SE
24  24.1  33.5   16:45  17.7   02:45   0.0   5.8   0.0   4.9  24.5   19:09    SW
25  25.2  33.6   18:55  18.4   04:24   0.0   6.9   0.0   3.9  18.4   15:35     E
26  23.6  32.0   16:02  17.6   06:00   0.0   5.3   1.2   3.6  18.4   16:12   NNE
27  20.3  28.5   09:20  17.1   21:26   0.2   2.2  13.5   9.5  42.8   20:07    SW
28  17.1  18.3   18:59  16.2   09:53   1.2   0.0 130.5  14.8  56.2   11:02    SW
29  18.9  25.0   15:12  15.5   03:28   0.7   1.3   0.0   2.2  22.0   17:35   SSE
30  19.5  26.3   16:48  16.6   04:32   0.4   1.5   0.6   3.1  22.0   23:48     S
31  17.7  22.0   15:11  15.5   06:10   1.1   0.5   3.3   2.9  25.6   00:06   SSE
----------------------------------------------------------------------------------
    20.5  33.6    25     8.0     6    30.6  99.1 188.7   6.3  56.2    28     SSE

Max >=  27.0: 19
Max <=   0.0:  0
Min <=   0.0:  0
Min <= -18.0:  0
Max Rain: 130.5 on day 28
Days of Rain: 11 (>= 0.2 mm)  6 (>= 2.0 mm)  2 (>= 20.0 mm)
Heat Base: 18.3  Cool Base: 18.3  Method: Integration
:Now:::Today:::Yesterday:::This Month:::This Year:::Records:::NZLWF Records:
:Monthly Records:::Gauges:::Trends:::Location Map:::NOAA Reports:

Powered By: Cumulus v1.9.3 (1058)