Mohaka, Hawkes Bay Weather

 Latitude S 39° 03' 33"    Longitude E 177° 06' 31"    Elevation 400 ft (1312 ft)

Select a Year or Month report
V/Λ2018 > Jan Feb Mar Apr May Jun Jul Aug Sep Oct Nov Dec
V/Λ2017 > Jan Feb Mar Apr May Jun Jul Aug Sep Oct Nov Dec
V/Λ2016 > Jan Feb Mar Apr May Jun Jul Aug Sep Oct Nov Dec
V/Λ2015 > Jan Feb Mar Apr May Jun Jul Aug Sep Oct Nov Dec
V/Λ2014 > Jan Feb Mar Apr May Jun Jul Aug Sep Oct Nov Dec
V/Λ2013 > Jan Feb Mar Apr May Jun Jul Aug Sep Oct Nov Dec

Report for 2015 Oct
                   Monthly Climatological Summary for Oct 2015

Name: Mohaka   City: Hawkes Bay   State: New Zealand
Elevation: 400 ft  Lat: S 39 03' 33"   Lon: E 177 06' 31"

                  Temperature (C), Rain (mm), Wind Speed (km/h)

                                      Heat  Cool        Avg
    Mean                              Deg   Deg         Wind                 Dom
Day Temp  High   Time   Low    Time   Days  Days  Rain  Speed High   Time    Dir
----------------------------------------------------------------------------------
 1  13.5  20.9   16:30   5.9   05:29   5.2   0.3   0.0   5.4  43.9   11:00    NW
 2  15.1  21.7   16:08  10.4   04:38   3.8   0.4   0.0   5.6  41.8   14:27    NW
 3  11.0  13.3   14:29   6.7   21:45   7.2   0.0   0.3   2.5  17.3   00:29   SSE
 4  16.0  25.9   14:29   7.1   01:44   3.7   1.4   0.0   6.0  43.9   22:16    NW
 5  13.1  20.1   10:45   4.5   23:15   5.4   0.1   0.0   6.0  42.8   02:01   ESE
 6  13.5  24.7   16:49   2.6   03:10   6.2   1.4   0.0   2.4  19.4   10:00   SSE
 7  18.8  32.2   16:00   8.2   00:59   3.2   3.7   0.0   4.8  24.5   19:08    NW
 8  11.2  17.6   09:55   6.3   23:57   7.1   0.0   1.8   3.0  29.5   11:03    SE
 9   9.7  20.0   16:32   2.3   06:15   9.0   0.1   0.0   2.1 157.0   23:33   ESE
----------------------------------------------------------------------------------
    13.5  32.2     7     2.3     9    50.8   7.4   2.1   4.2 157.0     9     NNW

Max >=  27.0:  1
Max <=   0.0:  0
Min <=   0.0:  0
Min <= -18.0:  0
Max Rain: 1.8 on day 8
Days of Rain: 2 (>= 0.2 mm)  0 (>= 2.0 mm)  0 (>= 20.0 mm)
Heat Base: 18.3  Cool Base: 18.3  Method: Integration
:Now:::Today:::Yesterday:::This Month:::This Year:::Records:::NZLWF Records:
:Monthly Records:::Gauges:::Trends:::Location Map:::NOAA Reports:

Powered By: Cumulus v1.9.3 (1058)