Mohaka, Hawkes Bay Weather

 Latitude S 39° 03' 33"    Longitude E 177° 06' 31"    Elevation 400 ft (1312 ft)

Select a Year or Month report
V/Λ2018 > Jan Feb Mar Apr May Jun Jul Aug Sep Oct Nov Dec
V/Λ2017 > Jan Feb Mar Apr May Jun Jul Aug Sep Oct Nov Dec
V/Λ2016 > Jan Feb Mar Apr May Jun Jul Aug Sep Oct Nov Dec
V/Λ2015 > Jan Feb Mar Apr May Jun Jul Aug Sep Oct Nov Dec
V/Λ2014 > Jan Feb Mar Apr May Jun Jul Aug Sep Oct Nov Dec
V/Λ2013 > Jan Feb Mar Apr May Jun Jul Aug Sep Oct Nov Dec

Report for 2015 Sep
                   Monthly Climatological Summary for Sep 2015

Name: Mohaka   City: Hawkes Bay   State: New Zealand
Elevation: 400 ft  Lat: S 39 03' 33"   Lon: E 177 06' 31"

                  Temperature (C), Rain (mm), Wind Speed (km/h)

                                      Heat  Cool        Avg
    Mean                              Deg   Deg         Wind                 Dom
Day Temp  High   Time   Low    Time   Days  Days  Rain  Speed High   Time    Dir
----------------------------------------------------------------------------------
 1   9.0  11.5   15:18   5.4   08:14   9.3   0.0  15.0   1.2   8.6   17:02   SSW
 2  11.6  20.8   15:26   7.4   04:27   6.4   0.0   0.6   2.8  24.5   13:19    NW
 3   9.6  14.6   10:57   5.8   23:03   8.8   0.0   2.7   2.3  23.4   12:57    SE
 4   8.5  16.3   09:52   3.9   03:00   9.6   0.0   0.3   2.5  18.4   10:03   NNW
 5  10.4  21.5   12:51   3.6   06:13   8.0   0.2   0.0   2.7  27.0   13:57   NNW
 6   8.2  17.1   12:23   2.7   21:09  10.4   0.0   0.0   2.2  33.1   10:46     S
 7   6.2  36.2   01:19   0.9   06:50  12.1   0.0   0.0   2.9 157.0   01:19   SSE
 8   7.0  17.7   12:18  -0.5   04:03  11.3   0.0   0.0   2.6  19.4   13:22   SSE
 9   9.2  19.9   14:05   2.0   03:08   9.1   0.0   0.0   4.0  20.9   14:05   NNW
10  10.1  15.6   14:18   3.5   03:04   8.2   0.0   0.3   3.0  33.1   12:42    NW
11   8.3  14.9   13:40   2.7   23:59  10.1   0.0   1.2   4.6  40.3   09:25    SE
12   6.1  11.7   13:21  -0.2   23:35  12.1   0.0   0.0   6.2  42.8   08:32   SSE
13  10.3  22.0   15:16   1.0   00:00   8.2   0.2   0.3   3.0  25.6   18:34   SSE
14   7.9  16.0   14:54   1.6   21:41  10.3   0.0   0.3   2.4  23.4   09:13    SE
15  11.0  23.0   14:36   1.9   05:26   7.8   0.5   0.0   2.3  15.8   12:49   WSW
16  13.6  23.1   12:54   6.6   05:34   5.4   0.7   0.0   4.2  24.5   11:45   NNW
17  13.4  22.7   15:29   5.5   05:18   5.5   0.6   0.0   4.7  31.7   12:20   NNW
18  15.6  22.7   14:14   9.3   23:49   3.1   0.4   0.0   6.8  37.8   01:13   NNW
19  10.3  20.1   09:09   5.1   06:08   8.0   0.0   3.6   2.9  20.9   10:16   SSE
20   9.4  10.7   12:29   7.3   04:22   8.9   0.0 121.2   7.7  52.6   21:36   SSE
21   7.0   8.6   00:00   6.0   17:29  11.5   0.0 151.2  11.3  36.7   12:29    SE
22  10.2  16.6   12:33   6.1   01:29   8.0   0.0   2.1   2.2  22.0   18:29    SE
23  10.8  13.0   11:43   9.2   01:29   7.4   0.0  41.7   4.0  29.5   19:24    SE
24  10.6  11.7   11:33   7.0   14:19   7.9   0.0  30.3   8.9  32.0   14:19    SE
25   9.6  15.8   13:06   6.3   23:59   8.7   0.0  10.8   2.6  24.5   12:21    SE
26   8.2  12.6   12:17   5.8   02:40  10.0   0.0   9.6   3.6  28.1   12:02    SE
27   9.3  17.2   14:30   5.8   03:24   8.6   0.0   0.6   2.7  14.8   15:15   ENE
28   9.8  18.6   14:59   4.7   22:59   8.8   0.0   0.3   2.7  24.5   12:06    NW
29   8.0  15.1   14:27   2.2   03:50  11.1   0.0   0.3   1.6  15.8   14:06    SE
30  10.6  19.2   16:44   3.1   07:00   7.8   0.0   0.0   1.7  15.8   14:49     W
----------------------------------------------------------------------------------
     9.7  36.2     7    -0.5     8   262.4   2.6 392.4   3.7 157.0     7      SE

Max >=  27.0:  1
Max <=   0.0:  0
Min <=   0.0:  2
Min <= -18.0:  0
Max Rain: 151.2 on day 21
Days of Rain: 19 (>= 0.2 mm)  10 (>= 2.0 mm)  4 (>= 20.0 mm)
Heat Base: 18.3  Cool Base: 18.3  Method: Integration
:Now:::Today:::Yesterday:::This Month:::This Year:::Records:::NZLWF Records:
:Monthly Records:::Gauges:::Trends:::Location Map:::NOAA Reports:

Powered By: Cumulus v1.9.3 (1058)