Mohaka, Hawkes Bay Weather

 Latitude S 39° 03' 33"    Longitude E 177° 06' 31"    Elevation 400 ft (1312 ft)

Select a Year or Month report
V/Λ2018 > Jan Feb Mar Apr May Jun Jul Aug Sep Oct Nov Dec
V/Λ2017 > Jan Feb Mar Apr May Jun Jul Aug Sep Oct Nov Dec
V/Λ2016 > Jan Feb Mar Apr May Jun Jul Aug Sep Oct Nov Dec
V/Λ2015 > Jan Feb Mar Apr May Jun Jul Aug Sep Oct Nov Dec
V/Λ2014 > Jan Feb Mar Apr May Jun Jul Aug Sep Oct Nov Dec
V/Λ2013 > Jan Feb Mar Apr May Jun Jul Aug Sep Oct Nov Dec

Report for 2015 Jul
                   Monthly Climatological Summary for Jul 2015

Name: Mohaka   City: Hawkes Bay   State: New Zealand
Elevation: 400 ft  Lat: S 39 03' 33"   Lon: E 177 06' 31"

                  Temperature (C), Rain (mm), Wind Speed (km/h)

                                      Heat  Cool        Avg
    Mean                              Deg   Deg         Wind                 Dom
Day Temp  High   Time   Low    Time   Days  Days  Rain  Speed High   Time    Dir
----------------------------------------------------------------------------------
 1   8.6  18.5   13:21   4.1   01:50   9.8   0.0   0.0   1.8  15.8   12:00   WSW
 2   7.2  17.7   14:08   1.9   04:11  11.1   0.0   0.0   2.9  18.4   07:19    NW
 3  13.2  16.2   14:31   5.1   00:20   7.5   0.0   0.0   6.7  39.2   13:01   NNW
 4  10.5  13.0   00:00   8.8   04:40   7.8   0.0   8.7   1.6  15.8   06:58    SW
 5   9.1  17.9   13:19   4.8   07:01   9.2   0.0   0.3   1.6  14.8   23:47   WSW
 6  10.6  20.2   14:11   4.3   01:26   9.7   0.1   0.0   1.7  29.5   12:46   WNW
 7  11.0  19.2   12:54   5.2   23:43   7.9   0.0   7.8   2.9  24.5   18:38    SW
 8   3.5   7.0   14:47   0.6   19:53  14.8   0.0  27.0   2.4  23.4   01:57   SSE
 9   3.0   7.3   11:47   0.6   07:32  15.3   0.0   9.6   4.8  40.3   15:37   SSE
10   4.2   6.6   12:51   1.5   03:50  14.6   0.0   6.9   2.8  23.4   13:12   SSE
11   5.9  14.8   14:17   2.8   05:32  12.4   0.0   0.0   1.9  14.8   12:13   WSW
12   6.0  13.0   11:55   0.3   23:08  12.3   0.0   0.6   1.7  14.8   11:21   SSE
13   4.8  16.2   14:41  -0.7   23:27  13.5   0.0   0.0   1.2  14.8   03:54    NW
14   4.5  14.2   13:16  -1.8   07:49  13.8   0.0   0.3   2.0  20.9   13:32     S
15   7.6  13.2   14:33   1.4   03:15  10.7   0.0   0.0   2.3  20.9   11:10   NNW
16   9.5  17.1   12:51   3.5   23:29   8.9   0.0   1.2   1.1   7.2   21:59    SW
17  10.5  14.5   11:01   2.0   06:11   7.8   0.0   0.0   1.4  17.3   03:31   NNW
18  12.0  14.5   00:00   6.1   18:47   6.3   0.0   8.7   1.1  11.2   22:51   NNW
19   6.1  12.4   12:48   0.9   19:44  12.2   0.0   6.9   4.5  40.3   06:37    SE
20   5.1  14.6   13:33  -2.3   04:16  13.5   0.0   0.9   2.0  47.9   20:45    SW
21   7.1  14.6   14:21   2.2   02:05  11.3   0.0   0.3   3.4  19.4   03:25     S
22   9.5  12.4   12:58   6.4   23:27   8.9   0.0   0.0   7.1  39.2   12:41   SSE
23   7.4  18.0   13:28   2.8   21:05  11.0   0.0   0.0   1.5  13.3   10:56   WNW
24   7.1  16.3   13:21   1.9   07:09  11.2   0.0   0.0   2.0  18.4   03:37   WNW
25   8.2  16.2   13:04   3.8   03:18  10.1   0.0   0.9   0.7   9.7   14:35     S
26   8.8  16.4   11:57   0.7   07:24   9.5   0.0   0.0   4.0  34.2   13:51   NNW
27  12.4  19.3   12:29   6.9   05:36   5.9   0.0   1.5   3.3  33.1   11:51    NW
28  11.5  20.0   14:24   7.1   20:09   6.8   0.0   0.6   2.7  27.0   11:18   NNW
29   8.2  12.7   13:52   5.5   06:05  10.2   0.0   0.6   4.3  28.1   21:22   SSE
30   6.3  12.8   13:23   0.1   22:09  12.0   0.0   0.0   4.9  30.6   06:10   SSE
----------------------------------------------------------------------------------
     8.0  20.2     6    -2.3    20   316.0   0.1  82.8   2.7  47.9    20      SW

Max >=  27.0:  0
Max <=   0.0:  0
Min <=   0.0:  3
Min <= -18.0:  0
Max Rain: 27.0 on day 8
Days of Rain: 17 (>= 0.2 mm)  7 (>= 2.0 mm)  1 (>= 20.0 mm)
Heat Base: 18.3  Cool Base: 18.3  Method: Integration
:Now:::Today:::Yesterday:::This Month:::This Year:::Records:::NZLWF Records:
:Monthly Records:::Gauges:::Trends:::Location Map:::NOAA Reports:

Powered By: Cumulus v1.9.3 (1058)