Mohaka, Hawkes Bay Weather

 Latitude S 39° 03' 33"    Longitude E 177° 06' 31"    Elevation 400 ft (1312 ft)

Select a Year or Month report
V/Λ2018 > Jan Feb Mar Apr May Jun Jul Aug Sep Oct Nov Dec
V/Λ2017 > Jan Feb Mar Apr May Jun Jul Aug Sep Oct Nov Dec
V/Λ2016 > Jan Feb Mar Apr May Jun Jul Aug Sep Oct Nov Dec
V/Λ2015 > Jan Feb Mar Apr May Jun Jul Aug Sep Oct Nov Dec
V/Λ2014 > Jan Feb Mar Apr May Jun Jul Aug Sep Oct Nov Dec
V/Λ2013 > Jan Feb Mar Apr May Jun Jul Aug Sep Oct Nov Dec

Report for 2015 Jun
                   Monthly Climatological Summary for Jun 2015

Name: Mohaka   City: Hawkes Bay   State: New Zealand
Elevation: 400 ft  Lat: S 39 03' 33"   Lon: E 177 06' 31"

                  Temperature (C), Rain (mm), Wind Speed (km/h)

                                      Heat  Cool        Avg
    Mean                              Deg   Deg         Wind                 Dom
Day Temp  High   Time   Low    Time   Days  Days  Rain  Speed High   Time    Dir
----------------------------------------------------------------------------------
 1   8.6  20.4   14:20   2.3   05:59   9.7   0.0   0.0   1.5  14.8   14:27   WNW
 2  11.5  19.8   12:52   7.0   00:00   7.0   0.0   4.8   2.8  29.5   23:59    NW
 3  14.1  17.7   09:27   9.1   07:47   4.2   0.0   0.3   9.2  45.4   18:33   NNW
 4  11.3  16.9   10:20   6.1   22:44   7.0   0.0   4.8   2.2  22.0   00:26   WSW
 5   7.3  11.8   11:50   3.0   06:40  11.0   0.0   2.7   0.6  11.2   17:08   WNW
 6   8.4  14.4   12:16   3.7   07:12   9.9   0.0   0.3   1.0  11.2   08:31     W
 7   6.8  16.2   12:39   2.1   23:21  11.5   0.0   0.0   1.0  13.3   04:54   WSW
 8   7.3  14.9   13:02   2.3   05:32  11.1   0.0   0.3   2.3  18.4   10:10   WNW
 9  11.4  20.5   12:29   5.5   02:24   7.2   0.1   0.0   3.5  25.6   13:02    NW
10  14.8  18.8   13:45  10.9   01:01   3.5   0.0   0.0   6.7  41.8   21:47     N
11  11.4  17.9   14:21   3.0   23:29   7.0   0.0   0.0   2.9  28.1   13:19   NNW
12   7.9  15.2   22:18   2.7   13:48  10.4   0.0   0.3   1.1   6.1   15:48    SW
13   6.3  14.6   23:48   2.1   09:48  12.0   0.0   0.3   1.6  14.8   17:48    NW
14   9.9  19.8   22:48   5.9   12:48   8.5   0.1   0.0   3.9  14.8   10:48    NW
15  13.5  19.6   00:18   8.2   05:48   4.8   0.0   0.0   5.2  27.0   19:48     N
16  14.0  18.1   00:48   9.8   16:18   4.3   0.0   0.0   4.4  19.4   06:48   NNW
17   6.9  17.9   00:48  -0.8   22:49  11.5   0.0   9.6   1.9  15.8   00:48     W
18   9.6  15.6   14:04 -13.3   16:00   8.6   0.0   0.3   3.7  29.5   16:00     N
19  14.9  18.8   12:53  10.3   05:25   3.4   0.0   1.2  10.9  42.8   10:30     N
20  16.2  20.0   09:41  11.3   20:54   2.3   0.2   4.5  10.0  41.8   06:08     N
21  10.6  19.6   14:21   4.9   22:56   7.7   0.0   0.6   1.4  17.3   12:34     W
22   6.4  11.3   12:47   3.0   18:17  11.9   0.0   0.9   4.2 162.0   16:53   SSE
23   5.2   7.5   12:15   4.4   00:44  13.1   0.0  17.1   8.0  33.1   04:50   SSE
24   5.7   6.8   12:38   4.6   22:44  12.6   0.0  12.6   6.0  36.7   08:25   SSE
25   5.0  10.2   14:38   0.7   22:05  13.4   0.0   0.0   1.9  20.9   12:22     N
26   6.4  15.2   13:07   0.4   07:56  11.9   0.0   0.0   2.5  18.4   05:11     W
27   7.3  15.6   14:07   1.5   19:50  11.2   0.0   1.8   2.4  29.5   00:02   WSW
28   6.4  14.4   13:27   1.1   00:07  11.9   0.0   0.3   2.8  18.4   21:29   WSW
29  10.6  19.0   12:45   3.8   08:09   7.7   0.0   0.0   3.2  24.5   12:01    NW
30  10.2  18.9   13:37   5.8   21:20   8.6   0.0   0.0   1.9  14.8   13:15   WSW
----------------------------------------------------------------------------------
     9.5  20.5     9   -13.3    18   264.9   0.4  62.7   3.7 162.0    22      NW

Max >=  27.0:  0
Max <=   0.0:  0
Min <=   0.0:  2
Min <= -18.0:  0
Max Rain: 17.1 on day 23
Days of Rain: 18 (>= 0.2 mm)  7 (>= 2.0 mm)  0 (>= 20.0 mm)
Heat Base: 18.3  Cool Base: 18.3  Method: Integration
:Now:::Today:::Yesterday:::This Month:::This Year:::Records:::NZLWF Records:
:Monthly Records:::Gauges:::Trends:::Location Map:::NOAA Reports:

Powered By: Cumulus v1.9.3 (1058)