Mohaka, Hawkes Bay Weather

 Latitude S 39° 03' 33"    Longitude E 177° 06' 31"    Elevation 400 ft (1312 ft)

Select a Year or Month report
V/Λ2018 > Jan Feb Mar Apr May Jun Jul Aug Sep Oct Nov Dec
V/Λ2017 > Jan Feb Mar Apr May Jun Jul Aug Sep Oct Nov Dec
V/Λ2016 > Jan Feb Mar Apr May Jun Jul Aug Sep Oct Nov Dec
V/Λ2015 > Jan Feb Mar Apr May Jun Jul Aug Sep Oct Nov Dec
V/Λ2014 > Jan Feb Mar Apr May Jun Jul Aug Sep Oct Nov Dec
V/Λ2013 > Jan Feb Mar Apr May Jun Jul Aug Sep Oct Nov Dec

Report for 2015 Mar
                   Monthly Climatological Summary for Mar 2015

Name: Mohaka   City: Hawkes Bay   State: New Zealand
Elevation: 400 ft  Lat: S 39 03' 33"   Lon: E 177 06' 31"

                  Temperature (C), Rain (mm), Wind Speed (km/h)

                                      Heat  Cool        Avg
    Mean                              Deg   Deg         Wind                 Dom
Day Temp  High   Time   Low    Time   Days  Days  Rain  Speed High   Time    Dir
----------------------------------------------------------------------------------
 1  19.9  30.0   13:52  11.8   02:05   2.2   3.8   0.0   2.1  19.4   04:03     S
 2  20.9  30.7   16:17  11.0   02:28   1.7   4.3   0.0   4.3  29.5   12:07    NW
 3  19.9  29.9   17:14  14.4   03:56   1.2   2.8   0.0   2.2  15.8   14:50     S
 4  18.7  27.4   14:52  14.8   05:25   1.3   1.7   0.0   2.3  13.3   06:09   WNW
 5  20.7  29.8   11:50  13.9   03:22   1.3   3.7   0.3   2.4  14.8   14:23    SE
 6  19.2  26.7   15:07  12.9   07:20   1.4   2.3   0.3   5.6  41.8   11:16    NW
 7  19.3  27.8   16:24  14.1   05:49   1.7   2.7   1.5   7.0  68.4   12:23    NW
 8  20.4  28.8   16:39  13.2   23:59   0.7   2.8   0.0   5.8  47.9   02:10   NNW
 9  17.3  26.6   13:37   5.3   05:33   2.9   1.9   0.0   1.5  23.4   15:27    SE
10  19.3  28.1   13:22  12.8   05:52   1.8   2.8   0.6   1.6  15.8   15:08    SE
11  18.1  27.2   13:22  11.7   04:52   2.4   2.2   0.0   1.7  17.3   16:22   ESE
12  17.2  20.6   10:22  14.7   23:52   1.4   0.2  15.6   0.4   6.1   12:22     E
13  18.4  27.2   14:49  13.3   23:43   2.0   2.1   0.3   1.6  12.2   16:56   SSE
14  17.9  26.4   15:14  11.3   06:32   2.2   1.8   0.0   1.9  22.0   12:51   ESE
15  17.3  23.6   13:19  13.6   05:23   1.6   0.6   7.5   1.4  18.4   15:36    SE
16  15.8  17.8   01:55  13.9   23:52   2.5   0.0 108.3   8.0  41.8   20:24    SE
17  13.9  18.9   12:13   8.5   23:53   4.4   0.0   4.5   3.9  29.5   15:44   ESE
18  12.6  19.4   16:57   7.2   01:33   5.7   0.0   0.3   1.8  17.3   11:08     E
19  12.2  19.0   15:43   7.4   05:27   6.2   0.0   0.3   2.5  20.9   12:23   ESE
20  11.0  21.2   16:25   4.3   06:51   7.4   0.1   0.0   1.8  17.3   12:11   ESE
21  13.8  26.1   14:17   5.4   04:55   5.9   1.4   0.0   1.7  13.3   13:15   SSE
22  16.4  26.9   13:17  10.4   02:30   3.7   1.8   0.0   2.7  15.8   08:18     W
23  15.3  24.2   12:05  10.3   05:38   3.9   1.0   0.0   1.5  14.8   13:44   ESE
24  17.0  28.0   15:52   9.3   07:22   3.1   1.8   0.0   1.4  17.3   13:32   WSW
25  17.8  28.2   15:53  11.2   05:51   2.5   2.0   0.0   2.8  20.9   14:46   WNW
26  18.1  26.8   14:49  13.8   05:49   1.7   1.6   0.0   2.2  20.9   10:05   WNW
27  16.5  26.2   15:08  10.6   06:25   2.7   0.9   0.0   1.3  12.2   00:06   ESE
28  19.6  24.8   12:52  16.2   00:00   1.6   2.0   0.0   1.7  25.6   15:52    NW
29  18.0  25.1   15:52  12.7   22:59   1.0   1.3   3.6   2.6  11.2   18:10     W
30  16.7  28.5   13:43  11.5   06:29   3.0   1.4   4.2   1.8  17.3   11:34   SSW
31  16.3  26.5   14:09  11.3   04:55   3.5   1.5   0.0   1.3  12.2   09:26   SSE
----------------------------------------------------------------------------------
    17.3  30.7     2     4.3    20    84.6  52.5 147.3   2.7  68.4     7       S

Max >=  27.0: 13
Max <=   0.0:  0
Min <=   0.0:  0
Min <= -18.0:  0
Max Rain: 108.3 on day 16
Days of Rain: 13 (>= 0.2 mm)  6 (>= 2.0 mm)  1 (>= 20.0 mm)
Heat Base: 18.3  Cool Base: 18.3  Method: Integration
:Now:::Today:::Yesterday:::This Month:::This Year:::Records:::NZLWF Records:
:Monthly Records:::Gauges:::Trends:::Location Map:::NOAA Reports:

Powered By: Cumulus v1.9.3 (1058)