Mohaka, Hawkes Bay Weather

 Latitude S 39° 03' 33"    Longitude E 177° 06' 31"    Elevation 400 ft (1312 ft)

Select a Year or Month report
V/Λ2018 > Jan Feb Mar Apr May Jun Jul Aug Sep Oct Nov Dec
V/Λ2017 > Jan Feb Mar Apr May Jun Jul Aug Sep Oct Nov Dec
V/Λ2016 > Jan Feb Mar Apr May Jun Jul Aug Sep Oct Nov Dec
V/Λ2015 > Jan Feb Mar Apr May Jun Jul Aug Sep Oct Nov Dec
V/Λ2014 > Jan Feb Mar Apr May Jun Jul Aug Sep Oct Nov Dec
V/Λ2013 > Jan Feb Mar Apr May Jun Jul Aug Sep Oct Nov Dec

Report for 2014 Dec
                   Monthly Climatological Summary for Dec 2014

Name: Mohaka   City: Hawkes Bay   State: New Zealand
Elevation: 400 ft  Lat: S 39 03' 33"   Lon: E 177 06' 31"

                  Temperature (C), Rain (mm), Wind Speed (km/h)

                                      Heat  Cool        Avg
    Mean                              Deg   Deg         Wind                 Dom
Day Temp  High   Time   Low    Time   Days  Days  Rain  Speed High   Time    Dir
----------------------------------------------------------------------------------
 1  10.2  17.8   11:25   5.6   05:00   8.3   0.0  27.9   2.2  28.1   11:04    NE
 2  10.6  16.0   16:08   4.8   05:49   7.9   0.0   0.3   3.7  30.6   11:09     E
 3  13.4  21.4   14:10   4.5   05:54   5.3   0.4   0.0   2.0  20.9   15:52     E
 4  16.7  25.1   15:42   9.8   00:09   3.1   1.5   0.0   3.2  25.6   10:14   WNW
 5  13.7  16.0   08:14  11.0   23:09   4.6   0.0   2.7   2.1  17.3   08:16     E
 6  14.5  20.6   10:47  10.3   22:50   4.1   0.2   0.3   2.2  23.4   14:18     E
 7  19.9  30.5   14:19  11.3   06:08   2.3   3.9   1.5   3.1  31.7   20:50    NW
 8  14.2  19.2   14:30  10.0   22:13   4.1   0.0   0.0   3.4  20.9   10:45     E
 9  18.0  26.3   17:14   6.7   05:33   3.1   2.8   0.0   4.3  33.1   13:41   WNW
10  18.1  25.1   14:48  11.7   23:39   1.5   1.3  10.8   4.8  37.8   17:46   WNW
11  13.3  15.7   12:39  10.9   04:39   4.9   0.0   6.6   1.7  13.3   16:09   ENE
12  14.1  14.1   00:00  14.1   00:00   4.2   0.0   0.0   0.0   1.1   00:00     E
13  14.1  14.1   00:00  14.1   00:00   1.5   0.0   0.0   0.0   1.1   00:00     E
14   0.0   0.0   00:00   0.0   00:00   0.0   0.0   0.0  ----   0.0   00:00   ---
15   0.0   0.0   00:08   0.0   00:08   0.0   0.0   0.0  ----   0.0   00:08   ---
16   0.0   0.0   00:04   0.0   00:04   0.0   0.0   0.0  ----   0.0   00:04   ---
17  14.2  15.6   16:34   0.0   00:04   2.8   0.0  45.6   0.9   9.7   19:34    SE
18  19.4  26.2   13:34  11.1   03:04   1.9   3.0   0.3   5.3  34.2   14:04     W
19  21.2  29.9   14:04  13.2   06:04   1.2   4.1   0.0   2.6  15.8   12:04    SW
20  22.1  30.0   14:35  13.7   05:34   0.8   4.5   0.0   4.2  36.7   16:05   WNW
21  22.5  29.3   17:05  16.6   23:35   0.1   4.3   1.8   3.3  20.9   15:35     W
22  18.6  25.3   11:19  11.4   05:05   1.6   1.9   0.0   3.4  19.4   12:36     E
23  18.0  23.9   11:45  13.8   05:53   1.4   1.1   0.0   2.6  22.0   12:50     E
24  18.4  24.7   13:10  12.4   23:33   1.5   1.6   0.0   2.3  20.9   14:19     E
25  17.8  27.7   11:52   9.8   05:36   2.8   2.3   0.0   2.1  18.4   15:35     E
26  18.6  25.9   12:01   9.8   05:53   2.4   2.7   0.0   2.1  20.9   14:05     E
27  20.0  27.2   11:07  13.2   00:11   1.2   2.9   0.0   4.2  27.0   17:13   WNW
28  20.7  29.1   15:06  15.3   05:13   0.6   3.0   0.0   2.6  22.0   11:03   WNW
29  18.5  24.4   10:20  12.5   23:53   1.4   1.6   0.0   2.0  17.3   14:05     E
30  19.9  27.7   16:05  11.4   05:41   1.7   3.3   0.0   2.6  14.8   12:25     W
31  19.0  24.3   14:41  12.3   05:50   1.2   1.9   0.0   7.8  43.9   16:09    NW
----------------------------------------------------------------------------------
    15.5  30.5     7     0.0    14    77.5  48.3  97.8   3.0  43.9    31      NW

Max >=  27.0:  8
Max <=   0.0:  3
Min <=   0.0:  4
Min <= -18.0:  0
Max Rain: 45.6 on day 17
Days of Rain: 10 (>= 0.2 mm)  5 (>= 2.0 mm)  2 (>= 20.0 mm)
Heat Base: 18.3  Cool Base: 18.3  Method: Integration
:Now:::Today:::Yesterday:::This Month:::This Year:::Records:::NZLWF Records:
:Monthly Records:::Gauges:::Trends:::Location Map:::NOAA Reports:

Powered By: Cumulus v1.9.3 (1058)