Mohaka, Hawkes Bay Weather

 Latitude S 39° 03' 33"    Longitude E 177° 06' 31"    Elevation 400 ft (1312 ft)

Select a Year or Month report
V/Λ2018 > Jan Feb Mar Apr May Jun Jul Aug Sep Oct Nov Dec
V/Λ2017 > Jan Feb Mar Apr May Jun Jul Aug Sep Oct Nov Dec
V/Λ2016 > Jan Feb Mar Apr May Jun Jul Aug Sep Oct Nov Dec
V/Λ2015 > Jan Feb Mar Apr May Jun Jul Aug Sep Oct Nov Dec
V/Λ2014 > Jan Feb Mar Apr May Jun Jul Aug Sep Oct Nov Dec
V/Λ2013 > Jan Feb Mar Apr May Jun Jul Aug Sep Oct Nov Dec

Report for 2014 Nov
                   Monthly Climatological Summary for Nov 2014

Name: Mohaka   City: Hawkes Bay   State: New Zealand
Elevation: 400 ft  Lat: S 39 03' 33"   Lon: E 177 06' 31"

                  Temperature (C), Rain (mm), Wind Speed (km/h)

                                      Heat  Cool        Avg
    Mean                              Deg   Deg         Wind                 Dom
Day Temp  High   Time   Low    Time   Days  Days  Rain  Speed High   Time    Dir
----------------------------------------------------------------------------------
 1  15.1  25.3   16:45   5.9   05:14   4.5   1.2   0.0   2.6  19.4   10:18   SSW
 2  19.0  28.3   16:00  10.3   00:57   2.2   2.8   0.0   6.4  41.8   20:56    NW
 3  18.0  22.0   12:52  10.7   23:45   1.3   1.0   0.0   9.2  41.8   04:44    NW
 4  12.9  20.2   14:26   7.1   04:33   5.4   0.1   1.2   4.2  24.5   12:40    NW
 5   8.8  11.0   14:17   7.5   22:22   9.4   0.0  14.1   1.3  15.8   16:00     E
 6   9.1  14.0   15:41   6.3   05:46   9.5   0.0   6.6   2.3  29.5   16:45   NNW
 7  10.5  18.7   14:07   3.8   05:57   7.8   0.0   0.3   3.8  30.6   13:54    SE
 8  10.7  18.6   15:49   1.6   05:42   7.8   0.0   0.0   2.2  15.8   12:43    SE
 9  14.1  23.4   16:21   4.4   04:33   5.4   1.1   0.0   2.2  11.2   12:21    SE
10  16.7  25.3   12:51   7.2   05:21   3.3   1.8   0.0   3.2  14.8   11:51   ESE
11  17.4  23.3   15:29  10.3   05:21   2.0   1.1   0.0   6.6  36.7   16:33    NW
12  11.9  17.7   14:37   5.4   21:39   6.6   0.0   1.2   5.6  42.8   13:27   NNW
13  10.2  19.3   16:04   3.6   05:47   8.2   0.0   2.4   2.9  24.5   16:42   ESE
14  11.6  20.4   15:09   3.9   05:24   6.9   0.2   0.3   2.6  14.8   12:27   ESE
15  16.1  24.7   15:41   8.0   02:04   3.5   1.3   0.3   6.2  51.5   13:09   NNW
16  15.9  22.9   13:34   9.4   05:53   3.1   0.7   0.0   3.4  31.7   10:04   NNW
17  13.7  20.4   15:52   7.8   04:59   4.6   0.1   0.9   3.9  40.3   17:05    NW
18  17.7  24.1   13:32  11.0   23:59   1.9   1.3   0.0   6.0  49.0   12:54    NW
19  14.8  22.4   12:48   6.1   03:35   4.1   0.7   0.0   5.0  41.8   15:12    NW
20  14.3  22.2   16:06   6.2   06:20   4.5   0.4   0.0   2.8  30.6   11:13     E
21  18.7  23.6   11:05  10.0   04:50   2.6   3.1   0.0   3.7  12.2   11:01    NE
22  23.6  23.6   00:00  23.6   00:00   0.0   3.8   0.0   5.0   7.2   00:00    NE
23   0.0   0.0   00:00   0.0   00:00   0.0   0.0   0.0  ----   0.0   00:00   ---
24   0.0   0.0   00:00   0.0   00:00   0.0   0.0   0.0  ----   0.0   00:00   ---
25   0.0   0.0   00:20   0.0   00:20   0.0   0.0   0.0  ----   0.0   00:20   ---
26  22.6  29.1   15:42   0.0   00:09   0.1   1.8   0.0   4.6  29.5   15:13     W
27  17.9  25.5   15:55  10.5   06:36   2.3   1.9   0.0   5.0  40.3   13:06     W
28  16.0  23.6   15:55   7.1   23:44   3.3   1.1   0.3   4.1  40.3   15:02     W
29  13.7  22.5   16:39   3.8   06:07   5.2   0.6   0.0   3.6  34.2   14:42   WNW
30  15.9  22.4   15:58   9.0   02:42   3.2   0.8   0.0   5.2  49.0   16:03   WNW
----------------------------------------------------------------------------------
    13.6  29.1    26     0.0    23   118.7  26.9  27.6   4.2  51.5    15      NW

Max >=  27.0:  2
Max <=   0.0:  3
Min <=   0.0:  4
Min <= -18.0:  0
Max Rain: 14.1 on day 5
Days of Rain: 10 (>= 0.2 mm)  3 (>= 2.0 mm)  0 (>= 20.0 mm)
Heat Base: 18.3  Cool Base: 18.3  Method: Integration
:Now:::Today:::Yesterday:::This Month:::This Year:::Records:::NZLWF Records:
:Monthly Records:::Gauges:::Trends:::Location Map:::NOAA Reports:

Powered By: Cumulus v1.9.3 (1058)