Mohaka, Hawkes Bay Weather

 Latitude S 39° 03' 33"    Longitude E 177° 06' 31"    Elevation 400 ft (1312 ft)

Select a Year or Month report
V/Λ2018 > Jan Feb Mar Apr May Jun Jul Aug Sep Oct Nov Dec
V/Λ2017 > Jan Feb Mar Apr May Jun Jul Aug Sep Oct Nov Dec
V/Λ2016 > Jan Feb Mar Apr May Jun Jul Aug Sep Oct Nov Dec
V/Λ2015 > Jan Feb Mar Apr May Jun Jul Aug Sep Oct Nov Dec
V/Λ2014 > Jan Feb Mar Apr May Jun Jul Aug Sep Oct Nov Dec
V/Λ2013 > Jan Feb Mar Apr May Jun Jul Aug Sep Oct Nov Dec

Report for 2014 Oct
                   Monthly Climatological Summary for Oct 2014

Name: Mohaka   City: Hawkes Bay   State: New Zealand
Elevation: 400 ft  Lat: S 39 03' 33"   Lon: E 177 06' 31"

                  Temperature (C), Rain (mm), Wind Speed (km/h)

                                      Heat  Cool        Avg
    Mean                              Deg   Deg         Wind                 Dom
Day Temp  High   Time   Low    Time   Days  Days  Rain  Speed High   Time    Dir
----------------------------------------------------------------------------------
 1  10.4  12.9   12:40   7.8   22:44   8.1   0.0   8.1   6.1  25.6   01:02    SE
 2  12.5  20.9   14:45   4.5   06:00   6.1   0.2   0.3   4.1  41.8   13:31   NNW
 3  12.4  18.2   14:17   6.9   22:29   5.9   0.0   0.0   6.3  49.0   11:06   NNW
 4   9.3  14.8   15:59   5.0   22:39   9.2   0.0   0.3   5.1  36.7   12:10     N
 5  10.7  19.4   13:28   3.0   05:08   7.6   0.0   0.0   3.2  19.4   11:40    NW
 6  14.3  20.8   12:50   9.4   23:51   4.2   0.2   1.5   9.0  58.7   13:21     N
 7  10.2  18.5   14:09   3.0   06:35   8.1   0.0   1.2   4.1  35.6   04:00   ESE
 8  14.5  22.2   11:42   7.1   00:23   4.2   0.4   0.0   4.4  40.3   13:19    NW
 9  14.4  22.4   13:38   7.3   23:59   4.3   0.4   4.2   2.1  19.4   15:47     E
10  11.3  17.5   15:43   6.2   02:03   7.0   0.0   0.0   1.6  15.8   14:37    SE
11   9.6  16.3   16:36   5.1   06:06   8.8   0.0   0.6   0.9  14.8   13:47    SE
12  10.4  19.2   13:32   3.2   02:48   7.9   0.0   0.0   2.1  18.4   17:59    SE
13  13.4  26.2   16:13   3.5   06:40   6.2   1.3   0.0   2.2  13.3   09:08   WNW
14  16.2  27.1   16:32   9.6   06:18   3.5   1.5   0.0   3.4  24.5   11:42   WNW
15  15.3  25.1   13:30   7.4   06:20   4.7   1.7   0.0   1.8  14.8   14:14   ESE
16  15.8  24.8   14:56   7.3   06:32   3.9   1.4   0.0   4.4  30.6   16:58    NW
17  15.7  21.4   16:14  11.7   04:36   2.8   0.2   0.0   6.8  39.2   16:20    NW
18  16.3  22.3   15:40  12.5   22:21   2.3   0.3   1.8   5.9  35.6   13:23    NW
19  12.7  14.7   13:49  10.9   04:01   5.6   0.0  28.2   1.6  17.3   18:17    SE
20  14.4  23.3   14:55   8.6   05:10   4.7   0.8   0.3   2.2  23.4   13:30    NW
21   9.2   9.2   00:00   9.2   00:00   9.1   0.0   0.0   0.0   0.0   00:00     E
22  11.8  15.6   07:21   9.2   00:00   6.5   0.0   8.7   0.9   8.6   23:21   SSE
23  12.6  20.8   23:51   8.7   17:21   5.8   0.1  21.6   1.5  11.2   21:21     E
24  11.9  22.8   02:51   3.2   23:44   7.0   0.7   6.0   3.4  22.0   02:21    SW
25   8.1  16.0   16:06   2.7   00:56  10.5   0.0   0.3   2.6  25.6   10:51    SE
26  12.6  23.2   15:56   2.8   01:52   6.0   0.6   0.0   2.7  20.9   12:50    NW
27  11.9  18.3   13:24   7.9   05:54   6.4   0.0  33.6   2.2  30.6   14:53   NNW
28  14.8  22.0   14:01   8.9   05:55   3.9   0.3   0.9   4.3  34.2   20:49    NW
29  18.6  25.6   14:15  12.6   23:59   1.1   1.5   0.0   6.8  45.4   20:14   NNW
30  14.2  22.0   14:47   8.0   01:31   4.5   0.4   1.5   4.0  28.1   00:17   ENE
31  14.2  22.2   14:13   6.4   02:54   4.5   0.4   0.0   4.6  36.7   14:38   NNW
----------------------------------------------------------------------------------
    12.9  27.1    14     2.7    25   180.4  12.4 119.1   3.6  58.7     6     NNW

Max >=  27.0:  1
Max <=   0.0:  0
Min <=   0.0:  0
Min <= -18.0:  0
Max Rain: 33.6 on day 27
Days of Rain: 17 (>= 0.2 mm)  7 (>= 2.0 mm)  3 (>= 20.0 mm)
Heat Base: 18.3  Cool Base: 18.3  Method: Integration
:Now:::Today:::Yesterday:::This Month:::This Year:::Records:::NZLWF Records:
:Monthly Records:::Gauges:::Trends:::Location Map:::NOAA Reports:

Powered By: Cumulus v1.9.3 (1058)