Mohaka, Hawkes Bay Weather

 Latitude S 39° 03' 33"    Longitude E 177° 06' 31"    Elevation 400 ft (1312 ft)

Select a Year or Month report
V/Λ2018 > Jan Feb Mar Apr May Jun Jul Aug Sep Oct Nov Dec
V/Λ2017 > Jan Feb Mar Apr May Jun Jul Aug Sep Oct Nov Dec
V/Λ2016 > Jan Feb Mar Apr May Jun Jul Aug Sep Oct Nov Dec
V/Λ2015 > Jan Feb Mar Apr May Jun Jul Aug Sep Oct Nov Dec
V/Λ2014 > Jan Feb Mar Apr May Jun Jul Aug Sep Oct Nov Dec
V/Λ2013 > Jan Feb Mar Apr May Jun Jul Aug Sep Oct Nov Dec

Report for 2014 Sep
                   Monthly Climatological Summary for Sep 2014

Name: Mohaka   City: Hawkes Bay   State: New Zealand
Elevation: 400 ft  Lat: S 39 03' 33"   Lon: E 177 06' 31"

                  Temperature (C), Rain (mm), Wind Speed (km/h)

                                      Heat  Cool        Avg
    Mean                              Deg   Deg         Wind                 Dom
Day Temp  High   Time   Low    Time   Days  Days  Rain  Speed High   Time    Dir
----------------------------------------------------------------------------------
 1   9.7  13.3   10:41   6.4   02:29   8.8   0.0  36.6   2.1  23.4   23:26   ESE
 2  11.6  12.7   13:17  10.4   04:01   6.7   0.0  56.1   2.8  23.4   02:40   ESE
 3  13.6  22.2   12:05  10.2   20:02   4.8   0.1   0.9   0.4   7.2   11:22     E
 4  12.3  20.7   12:38   9.5   06:41   6.0   0.0   0.0   0.3   8.6   12:38     E
 5  12.7  19.5   10:59   9.9   06:34   5.6   0.0   0.6   0.3   8.6   10:11     E
 6  11.7  19.4   23:22  10.0   18:52   6.6   0.0   0.9   0.1   5.0   02:19     E
 7  11.6  17.2   00:22   5.9   23:58   6.8   0.0   1.5   0.6  13.3   14:55    SE
 8  10.9  20.2   12:22   3.5   06:24   7.4   0.1   0.6   1.0  18.4   15:45    SE
 9  10.1  20.1   13:54   3.9   23:37   8.4   0.0   0.3   1.1  13.3   11:52    SE
10  10.8  23.1   12:10   3.2   03:44   7.9   0.4   0.0   1.1  12.2   11:21   SSW
11  12.1  18.6   11:59   5.1   06:26   6.2   0.0   0.0   1.2  15.8   10:12   WNW
12  14.0  22.8   12:27   8.3   06:27   4.9   0.6   0.0   2.1  28.1   14:47   NNW
13  12.2  14.4   11:39  10.2   23:48   6.1   0.0  11.1   1.1  13.3   12:39   SSE
14  10.3  15.3   11:00   5.4   23:24   8.3   0.0   4.8   1.6  23.4   14:14    SE
15  10.0  20.7   14:04   3.1   06:01   8.3   0.0   0.0   1.3  14.8   07:28     S
16  12.9  21.4   15:06   7.4   23:41   5.7   0.2   0.0   2.9  23.4   07:39    NW
17  10.4  20.5   10:59   5.1   23:50   8.1   0.0   1.2   1.2  23.4   10:25     S
18  10.8  21.3   13:37   4.5   02:55   7.6   0.1   0.3   1.7  19.4   16:29   WSW
19  13.6  21.3   13:35   7.7   23:08   5.0   0.3   1.5   2.2  33.1   11:23   NNW
20  11.2  17.6   12:34   6.9   23:50   7.2   0.0   0.0   3.8  37.8   11:19   NNW
21   8.9  17.8   11:11   3.8   06:05   9.6   0.0  21.3   2.0  22.0   12:23    SE
22   7.3  11.8   07:43   4.7   01:19  11.0   0.0   4.5   6.4  58.7   14:41    SE
23  10.4  57.1   06:56   4.8   05:25   8.2   0.4   0.0   4.2 159.0   06:56    SE
24  14.2  26.0   13:18   7.1   06:12   5.4   1.4   0.0   2.8  19.4   00:10   WNW
25  13.2  21.8   14:55   6.2   02:23   5.8   0.6   0.0   1.8  15.8   21:15   SSE
26  13.0  22.3   13:16   8.1   03:35   5.6   0.3   0.0   3.8 158.0   18:26   NNW
27  12.5  21.6   15:22   6.9   00:37   5.7   0.1   0.0   2.8  23.4   14:20    NW
28  10.0  13.4   12:28   7.0   23:53   8.0   0.0  34.5   3.7  41.8   14:21    SE
29   8.6  11.6   16:23   6.7   00:53   9.7   0.0   6.0   2.0  14.8   12:53   SSE
30  10.1  14.2   15:07   7.2   00:10   8.1   0.0   9.9   3.3  23.4   22:28    SE
----------------------------------------------------------------------------------
    11.4  57.1    23     3.1    15   213.5   4.6 192.6   2.0 159.0    23      SE

Max >=  27.0:  1
Max <=   0.0:  0
Min <=   0.0:  0
Min <= -18.0:  0
Max Rain: 56.1 on day 2
Days of Rain: 18 (>= 0.2 mm)  9 (>= 2.0 mm)  4 (>= 20.0 mm)
Heat Base: 18.3  Cool Base: 18.3  Method: Integration
:Now:::Today:::Yesterday:::This Month:::This Year:::Records:::NZLWF Records:
:Monthly Records:::Gauges:::Trends:::Location Map:::NOAA Reports:

Powered By: Cumulus v1.9.3 (1058)