Mohaka, Hawkes Bay Weather

 Latitude S 39° 03' 33"    Longitude E 177° 06' 31"    Elevation 400 ft (1312 ft)

Select a Year or Month report
V/Λ2018 > Jan Feb Mar Apr May Jun Jul Aug Sep Oct Nov Dec
V/Λ2017 > Jan Feb Mar Apr May Jun Jul Aug Sep Oct Nov Dec
V/Λ2016 > Jan Feb Mar Apr May Jun Jul Aug Sep Oct Nov Dec
V/Λ2015 > Jan Feb Mar Apr May Jun Jul Aug Sep Oct Nov Dec
V/Λ2014 > Jan Feb Mar Apr May Jun Jul Aug Sep Oct Nov Dec
V/Λ2013 > Jan Feb Mar Apr May Jun Jul Aug Sep Oct Nov Dec

Report for 2014 Aug
                   Monthly Climatological Summary for Aug 2014

Name: Mohaka   City: Hawkes Bay   State: New Zealand
Elevation: 400 ft  Lat: S 39 03' 33"   Lon: E 177 06' 31"

                  Temperature (C), Rain (mm), Wind Speed (km/h)

                                      Heat  Cool        Avg
    Mean                              Deg   Deg         Wind                 Dom
Day Temp  High   Time   Low    Time   Days  Days  Rain  Speed High   Time    Dir
----------------------------------------------------------------------------------
 1  13.1  23.3   14:17   5.9   05:08   5.9   0.6   0.0   1.7  29.5   23:37    SE
 2  18.0  21.3   11:26  15.9   00:59   0.6   0.3   0.0   7.7  39.2   03:47     E
 3  14.2  18.3   00:28  10.1   23:37   4.1   0.0   9.6   3.9  41.8   03:08   ENE
 4   8.3  10.1   00:00   6.6   23:05   9.9   0.0  58.8   2.4  19.4   06:25   SSW
 5   7.4  15.9   13:53   2.4   07:38  10.9   0.0   0.0   1.8  14.8   00:15     W
 6   6.8  12.1   16:28   5.6   00:00  11.0   0.0   0.0   2.2   5.0   17:28   WNW
 7  14.5  22.8   13:28   6.2   03:58   3.8   0.7   0.0   2.5  23.4   23:30    SE
 8  18.0  21.2   14:30  16.0   00:00   0.6   0.3   0.0   7.4  28.1   03:30     E
 9  14.0  18.1   00:00  10.0   23:30   4.3   0.0   9.9   3.6  31.7   00:30    NE
10   8.2  10.1   04:00   6.5   23:30  10.1   0.0  58.5   2.2  19.4   05:30   SSW
11   9.1  15.9   13:00   2.7   06:30   9.2   0.0   0.0   2.8  28.1   20:50   ENE
12  10.4  18.1   11:56   3.6   23:29   8.1   0.0   2.4   1.6  35.6   00:06     N
13   7.2  17.3   14:12   0.5   07:30  11.1   0.0   0.0   1.2  24.5   13:44   WNW
14   7.9  16.8   13:26   2.4   07:31  10.7   0.0   3.6   2.7  41.8   18:48   ENE
15   6.7  12.4   13:07   1.0   03:31  11.7   0.0   0.0   2.6  28.1   11:41   SSW
16   9.3  14.9   13:03   4.5   23:46   9.0   0.0   0.0   3.6  33.1   06:40    SW
17   6.9  14.5   15:05   1.7   23:52  11.4   0.0   0.0   1.2  13.3   10:01   WSW
18   7.9  18.8   13:43   0.7   04:33  10.4   0.0   0.0   0.5  11.2   06:30   SSW
19   8.9  16.8   14:12   3.2   05:20   9.4   0.0   0.6   0.4  12.2   02:21     N
20   9.8  16.8   15:52   8.0   04:49   8.5   0.0   8.7   0.3   8.6   11:51     W
21   8.4  11.4   13:38   4.8   19:55  10.6   0.0  10.5   4.1 203.0   15:53    SW
22   6.9  10.9   12:19   3.9   01:59  11.4   0.0   0.0   4.2  28.1   13:23    SW
23   9.7  14.7   14:35   6.0   00:00   8.9   0.0   0.0   4.1  31.7   01:04   ESE
24   8.8  13.5   15:35   7.0   07:01  10.0   0.0   0.0   1.9  18.4   13:55   ESE
25   8.1  13.3   13:01   5.6   02:42  10.2   0.0   3.0   0.8  14.8   13:14   ESE
26   8.1  15.6   13:39   4.7   07:20  10.5   0.0   0.3   0.6  12.2   11:29     E
27   7.6  12.2   13:32   4.9   07:33  10.9   0.0   0.9   0.6  12.2   10:55     E
28   7.7  13.9   12:16   3.1   23:19  10.8   0.0   0.0   0.6  12.2   10:47   SSW
29   7.3  14.3   13:07   3.2   00:09  11.1   0.0   0.3   0.6   9.7   14:54    SE
30   8.4  14.2   12:34   5.0   05:29   9.9   0.0   0.0   0.4   9.7   07:55     E
31   9.1  15.7   12:30   6.0   04:59   9.4   0.0   1.5   0.4   9.7   13:45     E
----------------------------------------------------------------------------------
     9.6  23.3     1     0.5    13   274.4   1.9 168.6   2.3 203.0    21     ESE

Max >=  27.0:  0
Max <=   0.0:  0
Min <=   0.0:  0
Min <= -18.0:  0
Max Rain: 58.8 on day 4
Days of Rain: 14 (>= 0.2 mm)  9 (>= 2.0 mm)  2 (>= 20.0 mm)
Heat Base: 18.3  Cool Base: 18.3  Method: Integration
:Now:::Today:::Yesterday:::This Month:::This Year:::Records:::NZLWF Records:
:Monthly Records:::Gauges:::Trends:::Location Map:::NOAA Reports:

Powered By: Cumulus v1.9.3 (1058)