Mohaka, Hawkes Bay Weather

 Latitude S 39° 03' 33"    Longitude E 177° 06' 31"    Elevation 400 ft (1312 ft)

Select a Year or Month report
V/Λ2018 > Jan Feb Mar Apr May Jun Jul Aug Sep Oct Nov Dec
V/Λ2017 > Jan Feb Mar Apr May Jun Jul Aug Sep Oct Nov Dec
V/Λ2016 > Jan Feb Mar Apr May Jun Jul Aug Sep Oct Nov Dec
V/Λ2015 > Jan Feb Mar Apr May Jun Jul Aug Sep Oct Nov Dec
V/Λ2014 > Jan Feb Mar Apr May Jun Jul Aug Sep Oct Nov Dec
V/Λ2013 > Jan Feb Mar Apr May Jun Jul Aug Sep Oct Nov Dec

Report for 2014 Jul
                   Monthly Climatological Summary for Jul 2014

Name: Mohaka   City: Hawkes Bay   State: New Zealand
Elevation: 400 ft  Lat: S 39 03' 33"   Lon: E 177 06' 31"

                  Temperature (C), Rain (mm), Wind Speed (km/h)

                                      Heat  Cool        Avg
    Mean                              Deg   Deg         Wind                 Dom
Day Temp  High   Time   Low    Time   Days  Days  Rain  Speed High   Time    Dir
----------------------------------------------------------------------------------
 1   9.8  18.4   12:12   4.0   07:50   8.5   0.0   0.3   1.0  14.8   23:53   ENE
 2   6.5  16.0   11:43  -0.3   22:36  11.8   0.0   0.0   1.5  22.0   12:45     E
 3   4.7  14.7   12:59   0.0   01:05  13.6   0.0   0.0   1.5  17.3   15:15   ENE
 4   4.4  14.1   12:45   0.3   00:00  13.9   0.0   0.0   1.1   7.2   11:35   ENE
 5  10.5  20.6   13:31   2.1   00:19   7.9   0.2   0.0   1.9  23.4   12:30   ENE
 6   7.6  15.2   12:19   4.3   07:49  10.7   0.0   0.6   1.9  14.8   01:30    NE
 7   4.8   5.8   00:00   0.2   19:52  13.5   0.0   0.0   2.9   5.0   00:00    NE
 8   4.7  13.6   10:22   1.2   18:52  13.6   0.0   0.0   1.2   8.6   23:22   ENE
 9  10.9  20.2   11:22   3.7   00:22   7.6   0.2   0.3   1.6   8.6   04:22   ENE
10   9.2  16.0   14:41   4.4   04:52   9.2   0.0   0.3   0.7   9.7   15:42    NE
11   8.9  18.4   12:16   1.8   07:48   9.4   0.0   0.0   1.1  20.9   13:56   SSW
12   9.7  15.3   10:47   5.1   02:08   8.6   0.0   0.6   0.9  14.8   12:37     W
13  10.1  18.3   13:17   5.4   23:24   8.3   0.0   1.5   1.2  14.8   13:00    NE
14   7.8  12.0   12:17   3.4   05:51  10.4   0.0   3.6   0.1  11.2   13:32   NNW
15   8.1   9.6   10:57   6.0   21:48  10.2   0.0   0.9   1.5  18.4   12:03   NNW
16   7.1  10.6   14:07   5.3   22:07  11.2   0.0   2.1   2.1  22.0   19:28   NNW
17   6.0  10.7   12:12   4.1   05:17  12.3   0.0  13.8   2.2  24.5   14:21   NNW
18   7.8  11.0   12:53   6.3   00:00  10.5   0.0   0.0   1.5  17.3   02:51    NW
19   7.7  14.9   12:30   2.7   05:07  10.6   0.0   1.8   0.4  12.2   11:52     S
20   8.7  10.1   12:41   7.5   00:00   9.7   0.0  41.1   1.4  25.6   14:57   NNW
21   6.9  11.0   14:23   3.0   23:44  11.4   0.0  10.5   0.9  23.4   05:30   NNW
22   4.6  11.0   14:42   0.1   06:58  13.7   0.0   0.0   2.0  24.5   11:05   NNW
23   5.8   8.6   12:45   2.4   02:11  12.5   0.0   7.2   1.1  14.8   11:29     N
24   6.7  14.6   13:27   2.3   07:14  11.6   0.0   0.6   1.2  12.2   05:35   ENE
25   7.5  16.3   13:53   3.3   22:21  10.8   0.0   0.6   2.4  25.6   16:14    NE
26   6.1  15.3   13:32   1.1   06:32  12.2   0.0   0.3   1.7  15.8   11:52    NE
27   6.6  14.1   11:36   1.1   05:25  11.7   0.0   0.0   1.6  27.0   15:46     N
28   6.9  16.2   14:32   1.4   20:32  11.4   0.0   0.0   1.0   9.7   12:56     N
29   8.0  16.3   12:54  -2.0   04:02  10.4   0.0   0.3   2.2  12.2   10:54    SE
30  12.7  19.0   14:24   9.1   01:54   5.6   0.0   0.0   1.8  20.9   11:09   ESE
31  12.1  17.8   13:49   7.8   23:52   6.2   0.0   0.0   1.6  13.3   13:17   NNE
----------------------------------------------------------------------------------
     7.7  20.6     5    -2.0    29   329.0   0.4  86.4   1.5  27.0    27      NE

Max >=  27.0:  0
Max <=   0.0:  0
Min <=   0.0:  3
Min <= -18.0:  0
Max Rain: 41.1 on day 20
Days of Rain: 18 (>= 0.2 mm)  6 (>= 2.0 mm)  1 (>= 20.0 mm)
Heat Base: 18.3  Cool Base: 18.3  Method: Integration
:Now:::Today:::Yesterday:::This Month:::This Year:::Records:::NZLWF Records:
:Monthly Records:::Gauges:::Trends:::Location Map:::NOAA Reports:

Powered By: Cumulus v1.9.3 (1058)