Mohaka, Hawkes Bay Weather

 Latitude S 39° 03' 33"    Longitude E 177° 06' 31"    Elevation 400 ft (1312 ft)

Select a Year or Month report
V/Λ2018 > Jan Feb Mar Apr May Jun Jul Aug Sep Oct Nov Dec
V/Λ2017 > Jan Feb Mar Apr May Jun Jul Aug Sep Oct Nov Dec
V/Λ2016 > Jan Feb Mar Apr May Jun Jul Aug Sep Oct Nov Dec
V/Λ2015 > Jan Feb Mar Apr May Jun Jul Aug Sep Oct Nov Dec
V/Λ2014 > Jan Feb Mar Apr May Jun Jul Aug Sep Oct Nov Dec
V/Λ2013 > Jan Feb Mar Apr May Jun Jul Aug Sep Oct Nov Dec

Report for 2014 Jun
                   Monthly Climatological Summary for Jun 2014

Name: Mohaka   City: Hawkes Bay   State: New Zealand
Elevation: 400 ft  Lat: S 39 03' 33"   Lon: E 177 06' 31"

                  Temperature (C), Rain (mm), Wind Speed (km/h)

                                      Heat  Cool        Avg
    Mean                              Deg   Deg         Wind                 Dom
Day Temp  High   Time   Low    Time   Days  Days  Rain  Speed High   Time    Dir
----------------------------------------------------------------------------------
 1   9.3  12.5   14:43   6.3   03:05   9.2   0.0   2.7   0.1   5.0   12:34   ENE
 2  10.2  12.2   12:56   9.1   01:49   8.3   0.0   1.5   0.2   7.2   11:11   ENE
 3  10.3  14.8   13:34   7.9   05:56   8.0   0.0   5.1   0.1   6.1   14:12     E
 4  10.1  16.9   14:11   6.4   23:19   8.2   0.0   5.1   0.2   8.6   21:31   ENE
 5   8.7  16.5   13:54   3.8   07:00   9.6   0.0   0.3   2.2  13.3   09:16     E
 6   9.9  18.2   12:48   5.8   02:41   8.4   0.0   0.3   2.5  13.3   07:20     E
 7  10.9  19.7   13:12   6.7   05:38   7.5   0.1   0.0   2.1  14.8   09:03     E
 8  11.5  20.2   13:09   7.5   06:03   6.9   0.0   0.0   1.8  12.2   06:38     E
 9  11.9  20.7   11:47   9.1   01:33   6.4   0.1   0.0   0.2   6.1   14:06   ENE
10  11.2  13.3   13:03   9.5   01:47   7.1   0.0   9.9   0.0   5.0   22:42   NNE
11  11.9  12.9   10:42  11.0   02:02   6.4   0.0  39.3   1.5  17.3   13:48     N
12  11.3  13.1   13:08  10.0   22:58   7.0   0.0   4.8   0.6  13.3   02:17   NNE
13  10.6  17.5   11:35   6.0   06:09   7.7   0.0   5.7   0.6  19.4   17:59   NNE
14   9.1  17.1   12:09   5.8   23:59   9.2   0.0   1.8   0.7  12.2   21:31     E
15   8.5  16.5   15:18   4.4   06:36   9.8   0.0   0.3   2.4  17.3   07:12   ESE
16   9.9  37.3   15:57   7.0   04:13   8.6   0.2   0.0   0.7  79.6   15:57   ESE
17  13.2  20.1   13:02  10.2   23:46   5.1   0.1   0.3   1.7  23.4   19:21     E
18  11.6  20.0   11:17   4.4   23:57   6.9   0.1   0.0   1.6  15.8   00:30   ENE
19  10.1  26.1   08:55   3.5   00:54   8.2   0.0   0.0   1.5 136.0   08:55   ENE
20   7.5  18.1   13:57   3.2   02:26  10.8   0.0   0.0   1.4  13.3   22:32   ENE
21   8.6  20.2   13:58   2.3   05:37   9.8   0.0   0.3   1.8  22.0   10:59     E
22   9.6  13.1   14:35   6.1   23:56   8.8   0.0   3.6   1.2  14.8   07:16    NE
23   6.0  16.0   14:36   0.7   07:42  12.3   0.0   0.0   0.7   8.6   06:24   ENE
24   8.1  17.2   13:09   1.3   07:09  10.2   0.0   0.3   1.3  11.2   13:59   ENE
25  12.9  17.8   13:30   6.8   00:11   5.4   0.0   0.0   2.4  28.1   21:02    SE
26  14.6  22.4   12:44  10.2   21:36   4.3   0.6   3.0   1.3  18.4   13:24     E
27  12.4  20.4   12:30   7.7   22:27   6.0   0.1   0.0   1.7  17.3   14:32   ESE
28  10.3  17.9   12:40   4.9   23:06   8.0   0.0   0.0   1.6  19.4   11:39   NNE
29   7.5  16.5   13:38   3.4   07:15  10.8   0.0   0.0   1.6  11.2   11:36   ENE
30  11.9  16.2   14:44   5.7   00:53   6.5   0.0   7.8   2.6  33.1   12:27    SE
----------------------------------------------------------------------------------
    10.3  37.3    16     0.7    23   241.4   1.3  92.1   1.3 136.0    19       E

Max >=  27.0:  1
Max <=   0.0:  0
Min <=   0.0:  0
Min <= -18.0:  0
Max Rain: 39.3 on day 11
Days of Rain: 18 (>= 0.2 mm)  10 (>= 2.0 mm)  1 (>= 20.0 mm)
Heat Base: 18.3  Cool Base: 18.3  Method: Integration
:Now:::Today:::Yesterday:::This Month:::This Year:::Records:::NZLWF Records:
:Monthly Records:::Gauges:::Trends:::Location Map:::NOAA Reports:

Powered By: Cumulus v1.9.3 (1058)