Mohaka, Hawkes Bay Weather

 Latitude S 39° 03' 33"    Longitude E 177° 06' 31"    Elevation 400 ft (1312 ft)

Select a Year or Month report
V/Λ2018 > Jan Feb Mar Apr May Jun Jul Aug Sep Oct Nov Dec
V/Λ2017 > Jan Feb Mar Apr May Jun Jul Aug Sep Oct Nov Dec
V/Λ2016 > Jan Feb Mar Apr May Jun Jul Aug Sep Oct Nov Dec
V/Λ2015 > Jan Feb Mar Apr May Jun Jul Aug Sep Oct Nov Dec
V/Λ2014 > Jan Feb Mar Apr May Jun Jul Aug Sep Oct Nov Dec
V/Λ2013 > Jan Feb Mar Apr May Jun Jul Aug Sep Oct Nov Dec

Report for 2014 Jan
                   Monthly Climatological Summary for Jan 2014

Name: Mohaka   City: Hawkes Bay   State: New Zealand
Elevation: 400 ft  Lat: S 39 03' 33"   Lon: E 177 06' 31"

                  Temperature (C), Rain (mm), Wind Speed (km/h)

                                      Heat  Cool        Avg
    Mean                              Deg   Deg         Wind                 Dom
Day Temp  High   Time   Low    Time   Days  Days  Rain  Speed High   Time    Dir
----------------------------------------------------------------------------------
 1  25.7  26.1   00:07  25.4   00:37   0.0   0.3   0.0   0.6   3.6   00:07     W
 2  17.4  25.4   00:07  15.3   16:37   1.2   0.5   5.7   0.4   5.0   16:07    NW
 3  18.8  27.0   22:07  15.3   17:07   1.0   1.5  17.1   1.0  12.2   23:37   NNE
 4  20.6  28.2   01:07  13.2   17:07   0.8   3.1   0.6   2.3  13.3   03:37     E
 5  17.9  27.2   04:07  10.1   16:37   2.3   2.0   1.5   2.0  13.3   01:37   ESE
 6  19.1  30.4   17:01  10.1   00:07   0.6   0.8   0.0   1.1   9.7   18:11   NNE
 7  20.4  31.2   16:06   8.5   06:09   2.7   4.8   0.0   2.4  22.0   16:06    SE
 8  20.2  27.6   14:36  12.8   23:36   1.1   3.0   0.0   2.4  23.4   00:45     E
 9  13.2  18.4   11:06  10.1   23:58   4.9   0.0   4.2   1.0  11.2   18:54     N
10  15.8  27.4   18:15   6.5   04:19   4.6   2.1   0.0   1.0  13.3   09:17   ENE
11  16.9  25.0   15:21   9.1   03:51   3.0   1.6   0.0   0.8  15.8   14:45     N
12  19.7  28.4   17:28  10.2   06:28   1.8   3.2   0.0   3.3  28.1   23:41    SE
13  20.3  28.6   16:29  11.2   03:28   1.5   3.5   0.0   3.0  33.1   14:17   ESE
14  18.7  26.2   13:14  11.6   05:52   2.0   2.3   0.0   1.4  18.4   13:30     N
15  18.7  28.8   17:12   8.3   05:47   2.9   3.3   0.0   0.7  12.2   13:04     N
16  22.8  33.3   17:24  17.0   00:00   0.4   4.9   0.0   1.8  20.9   20:02    SE
17  18.3  25.6   12:41   9.0   23:59   1.9   1.9   4.5   2.0 158.0   03:40    NE
18  13.4  22.1   15:23   7.3   05:46   5.4   0.5   0.0   1.6  17.3   09:19     N
19  21.5  32.9   17:26   7.8   00:21   2.8   6.0   0.0   2.6  15.8   09:34    SE
20  20.7  27.4   12:15  14.0   06:07   0.7   3.1   0.0   1.5  17.3   09:40   ENE
21  20.8  24.2   13:06  16.9   20:35   0.2   2.7   9.3   1.6   6.1   08:29    NE
22  21.1  28.0   13:30  14.8   07:32   0.6   3.4   0.0   2.9  29.5   17:56    SE
23  20.8  27.5   16:31  14.7   05:09   0.5   3.1   0.0   3.6  25.6   17:29   ESE
24  20.6  28.4   16:07  12.4   23:56   0.6   2.8   8.1   4.0 158.0   20:42     E
25  21.5  33.4   17:12  12.4   00:00   1.5   4.7   0.0   1.7  15.8   11:29    SE
26  20.0  26.7   11:45  12.2   03:56   1.5   3.2  10.2   2.3  29.5   11:37   ESE
27  15.0  19.0   00:00  10.0   23:37   3.4   0.0  11.7   1.6 158.0   15:42   NNW
28  14.2  21.5   17:22   7.5   02:17   4.5   0.4   0.0   2.6  20.9   11:27   NNW
29  15.9  24.8   13:46   8.1   05:31   4.1   1.8   0.0   1.1  13.3   09:35     N
30  17.9  29.4   15:46   7.7   04:28   3.3   2.9   0.0   0.9  14.8   16:18   NNE
31  15.7  19.5   13:59  13.4   19:59   2.6   0.0   7.2   1.8  19.4   14:30     N
----------------------------------------------------------------------------------
    18.8  33.4    25     6.5    10    64.4  73.4  80.1   1.9 158.0    17       E

Max >=  27.0: 18
Max <=   0.0:  0
Min <=   0.0:  0
Min <= -18.0:  0
Max Rain: 17.1 on day 3
Days of Rain: 11 (>= 0.2 mm)  9 (>= 2.0 mm)  0 (>= 20.0 mm)
Heat Base: 18.3  Cool Base: 18.3  Method: Integration
:Now:::Today:::Yesterday:::This Month:::This Year:::Records:::NZLWF Records:
:Monthly Records:::Gauges:::Trends:::Location Map:::NOAA Reports:

Powered By: Cumulus v1.9.3 (1058)