Mohaka, Hawkes Bay Weather

 Latitude S 39° 03' 33"    Longitude E 177° 06' 31"    Elevation 400 ft (1312 ft)

Select a Year or Month report
V/Λ2018 > Jan Feb Mar Apr May Jun Jul Aug Sep Oct Nov Dec
V/Λ2017 > Jan Feb Mar Apr May Jun Jul Aug Sep Oct Nov Dec
V/Λ2016 > Jan Feb Mar Apr May Jun Jul Aug Sep Oct Nov Dec
V/Λ2015 > Jan Feb Mar Apr May Jun Jul Aug Sep Oct Nov Dec
V/Λ2014 > Jan Feb Mar Apr May Jun Jul Aug Sep Oct Nov Dec
V/Λ2013 > Jan Feb Mar Apr May Jun Jul Aug Sep Oct Nov Dec

Report for 2014
                   Annual Climatological Summary for 2014

Name: Mohaka   City: Hawkes Bay   State: New Zealand
Elevation: 400 ft  Lat: S 39 03' 33"   Lon: E 177 06' 31"

                  Temperature (C), Heat Base: 18.3  Cool Base: 18.3
                          Dep.  Heat  Cool                       Max  Max  Min  Min
        Mean  Mean        From  Deg   Deg                        >=   <=   <=   <=
 YR MO  Max   Min   Mean  Norm  Days  Days  Hi  Date  Low  Date 27.0  0.0  0.0 -18.0
------------------------------------------------------------------------------------
 14  1  26.8  11.7  18.8   0.0    64    73  33.4  25   6.5   10   18    0    0    0
 14  2  28.0  12.3  18.6   0.0    60    69  59.5  11   5.7   24   17    0    0    0
 14  3  24.8  10.8  16.5   0.0   103    47  37.1   5   3.0    4   15    0    0    0
 14  4  22.3  11.1  15.1   0.0   112    18  29.2   2   4.4   30    3    0    0    0
 14  5  17.2   5.5  10.0   0.0   223    13  26.5   4  -0.8   27    0    3    5    0
 14  6  18.0   6.2  10.3   0.0   241     1  37.3  16   0.7   23    1    0    0    0
 14  7  14.4   3.1   7.7   0.0   329     0  20.6   5  -2.0   29    0    0    3    0
 14  8  15.7   5.4   9.6   0.0   274     1  23.3   1   0.5   13    0    0    0    0
 14  9  20.0   6.6  11.4   0.0   213     4  57.1  23   3.1   15    1    0    0    0
 14 10  19.7   7.0  12.6   0.0   181    12  27.1  14   2.7   25    1    0    0    0
 14 11  16.1   5.4  11.0   0.0   118    26  29.1  26   0.0   23    2   10   11    0
 14 12  17.2   7.9  12.6   0.0    77    48  30.5   7   0.0   14    8   10   11    0
------------------------------------------------------------------------------------
        20.0   7.8  12.8   0.0  2000   318  59.5 Feb  -2.0  Jul   66   23   30    0

                                Precipitation (mm)

              Dep.   Max        Days of Rain
              From   Obs.           >=
 YR MO Total  Norm   Day Date  0.2  2.0 20.0
---------------------------------------------
 14  1  80.1   0.0  17.1   3    11    9    0
 14  2 100.8   0.0  30.3   8    10    8    1
 14  3  90.3   0.0  25.5  22    12    7    2
 14  4 137.7   0.0  42.6   8    17   10    1
 14  5  91.2   0.0  24.0  30    18   11    1
 14  6  92.1   0.0  39.3  11    18   10    1
 14  7  86.4   0.0  41.1  20    18    6    1
 14  8 168.6   0.0  58.8   4    14    9    2
 14  9 192.6   0.0  56.1   2    18    9    4
 14 10 119.1   0.0  33.6  27    17    7    3
 14 11  27.6   0.0  14.1   5    10    3    0
 14 12  97.8   0.0  45.6  17    10    5    2
---------------------------------------------
      1284.3   0.0  58.8  Aug  173   94   18

                                Wind Speed (km/h)
                          Dom
 YR MO   Avg.  Hi   Date  Dir
------------------------------
 14  1   1.9  38.0   24     E
 14  2   1.5 195.0   11   NNE
 14  3   1.4  37.8   16     E
 14  4   1.0  27.0   28   ENE
 14  5   1.3  85.7   15   ENE
 14  6   1.3 136.0   19     E
 14  7   1.5  27.0   27   NNE
 14  8   2.3 203.0   21   SSE
 14  9   2.0 159.0   23    SE
 14 10   3.6  58.7    6   NNW
 14 11   4.2  51.5   15    NW
 14 12   3.0  43.9   31   NNW
------------------------------
         2.1 203.0  Aug   NNE
:Now:::Today:::Yesterday:::This Month:::This Year:::Records:::NZLWF Records:
:Monthly Records:::Gauges:::Trends:::Location Map:::NOAA Reports:

Powered By: Cumulus v1.9.3 (1058)