Mohaka, Hawkes Bay Weather

 Latitude S 39° 03' 33"    Longitude E 177° 06' 31"    Elevation 400 ft (1312 ft)

Select a Year or Month report
V/Λ2018 > Jan Feb Mar Apr May Jun Jul Aug Sep Oct Nov Dec V/Λ2017 > Jan Feb Mar Apr May Jun Jul Aug Sep Oct Nov Dec V/Λ2016 > Jan Feb Mar Apr May Jun Jul Aug Sep Oct Nov Dec V/Λ2015 > Jan Feb Mar Apr May Jun Jul Aug Sep Oct Nov Dec V/Λ2014 > Jan Feb Mar Apr May Jun Jul Aug Sep Oct Nov Dec V/Λ2013 > Jan Feb Mar Apr May Jun Jul Aug Sep Oct Nov Dec

Report for 2013 Dec
                   Monthly Climatological Summary for Dec 2013

Name: Mohaka   City: Hawkes Bay   State: New Zealand
Elevation: 400 ft  Lat: S 39 03' 33"   Lon: E 177 06' 31"

                  Temperature (C), Rain (mm), Wind Speed (km/h)

                                      Heat  Cool        Avg
    Mean                              Deg   Deg         Wind                 Dom
Day Temp  High   Time   Low    Time   Days  Days  Rain  Speed High   Time    Dir
----------------------------------------------------------------------------------
 1  17.3  26.7   10:24  13.0   19:54   2.2   1.2  12.9   0.4   6.1   07:54   WNW
 2  20.7  27.4   09:54  12.6   01:54   1.3   3.7   0.0   1.3   9.7   11:17    SW
 3  19.4  27.7   11:58  11.4   03:09   1.9   3.0   0.0   4.2  39.2   04:41   NNW
 4  20.7  21.8   00:00  16.3   23:36   0.4   2.7   0.9   0.9   3.6   00:00    SW
 5  18.0  24.4   10:41  15.2   06:04   1.1   0.8  15.9   0.3  11.2   11:06   NNW
 6  21.6  28.8   16:12  15.2   05:57   0.7   4.0   6.6   2.3  22.0   22:54   ENE
 7  19.3  27.7   16:58  12.9   05:48   1.3   2.3   0.3   2.9  25.6   14:55   ENE
 8  17.7  28.3   16:21   9.8   05:06   2.5   2.0   1.2   2.2  20.9   15:52   ENE
 9  18.6  26.2   17:02  11.2   04:38   1.9   2.2   0.0   1.7  18.4   14:17   ESE
10  17.4  26.4   17:12   8.9   06:14   2.9   2.0   0.0   0.7  11.2   10:08   WSW
11  17.6  27.2   13:53  10.2   04:44   2.9   2.2   0.0   0.4   9.7   13:56    SW
12  19.9  27.4   14:59  12.9   05:35   1.6   3.2   0.0   1.0  14.8   18:07   WSW
13  20.7  32.2   17:48  13.5   05:28   1.4   3.8   1.8   1.4  14.8   12:43     E
14  20.5  29.1   11:24  14.4   05:41   1.4   3.6   9.0   1.8  14.8   02:40   NNE
15  21.2  31.3   13:13  13.5   04:45   1.4   4.3   0.0   1.2  11.2   15:52    NW
16  20.8  31.1   13:25  13.0   02:55   1.4   3.8   0.0   1.1   8.6   08:25    SE
17  19.4  28.4   13:12  14.0   23:54   1.0   1.9   3.9   4.6  11.2   23:17   NNE
18  18.4  25.7   12:18  12.5   06:06   1.9   2.0   0.6   0.7  13.3   16:54   WSW
19  15.6  25.2   11:44  10.5   05:56   3.5   0.8  26.4   1.5  20.9   12:40     W
20  15.7  24.9   15:53   9.0   23:43   4.0   1.4   0.3   0.8  17.3   10:10   WSW
21  20.3  32.3   18:21   8.5   00:21   2.7   4.6   0.0   1.8  18.4   10:20     E
22  15.3  18.0   08:05  11.8   23:21   3.0   0.0   0.0   2.5  23.4   08:31   WSW
23  17.0  54.9   10:17  11.3   05:14   2.9   1.6   0.0   1.0  77.0   10:17     E
24  16.5  24.0   13:58  11.4   04:54   2.3   0.5   0.0   1.4  17.3   14:49   ENE
25  20.2  25.3   15:58  16.2   23:25   0.2   2.2   0.0   2.8  31.7   00:30   ENE
26  18.0  24.1   12:01  12.7   06:20   1.3   1.0   0.6   0.7  18.4   12:31   WSW
27  18.5  18.5   00:00  18.5   00:00   0.0   0.2   0.0   0.0   0.0   00:00     E
28  18.5  18.5   00:00  18.5   00:00   0.0   0.2   0.0   0.0   0.0   00:00     E
29  18.5  18.5   00:00  18.5   00:00   0.0   0.2   0.0   0.0   0.0   00:00     E
----------------------------------------------------------------------------------
    18.7  54.9    23     8.5    21    49.1  61.4  80.4   1.4  77.0    23      NE

Max >=  27.0: 14
Max <=   0.0:  0
Min <=   0.0:  0
Min <= -18.0:  0
Max Rain: 26.4 on day 19
Days of Rain: 13 (>= 0.2 mm)  6 (>= 2.0 mm)  1 (>= 20.0 mm)
Heat Base: 18.3  Cool Base: 18.3  Method: Integration
:Now:::Today:::Yesterday:::This Month:::This Year:::Records:::NZLWF Records:
:Monthly Records:::Gauges:::Trends:::Location Map:::NOAA Reports:

Powered By: Cumulus v1.9.3 (1058)