Mohaka, Hawkes Bay Weather

 Latitude S 39° 03' 33"    Longitude E 177° 06' 31"    Elevation 400 ft (1312 ft)

Select a Year or Month report
V/Λ2018 > Jan Feb Mar Apr May Jun Jul Aug Sep Oct Nov Dec V/Λ2017 > Jan Feb Mar Apr May Jun Jul Aug Sep Oct Nov Dec V/Λ2016 > Jan Feb Mar Apr May Jun Jul Aug Sep Oct Nov Dec V/Λ2015 > Jan Feb Mar Apr May Jun Jul Aug Sep Oct Nov Dec V/Λ2014 > Jan Feb Mar Apr May Jun Jul Aug Sep Oct Nov Dec V/Λ2013 > Jan Feb Mar Apr May Jun Jul Aug Sep Oct Nov Dec

Report for 2013 Nov
                   Monthly Climatological Summary for Nov 2013

Name: Mohaka   City: Hawkes Bay   State: New Zealand
Elevation: 400 ft  Lat: S 39 03' 33"   Lon: E 177 06' 31"

                  Temperature (C), Rain (mm), Wind Speed (km/h)

                                      Heat  Cool        Avg
    Mean                              Deg   Deg         Wind                 Dom
Day Temp  High   Time   Low    Time   Days  Days  Rain  Speed High   Time    Dir
----------------------------------------------------------------------------------
 1  16.4  24.4   14:51   9.8   23:58   2.7   0.8   0.0   1.8  25.6   02:06   ESE
 2  12.8  21.6   13:35   5.7   06:22   5.9   0.4   0.0   1.0  13.3   12:55    SW
 3  13.8  22.7   15:47   6.0   02:32   5.4   0.9   0.0   1.3  14.8   12:59     W
 4  16.3  26.5   16:14   8.4   01:18   3.8   1.8   0.0   1.0  19.4   13:32     E
 5  15.9  24.6   16:37   8.9   04:52   3.5   1.1   0.0   2.6  24.5   10:55     E
 6  14.8  21.4   17:44  11.8   03:58   3.6   0.1   5.1   0.1   7.2   13:04   WNW
 7  15.0  23.5   13:48  11.1   05:39   3.8   0.5   2.4   0.8  15.8   13:20    SW
 8  15.9  25.1   16:36   9.7   23:13   3.1   0.7   2.4   0.3   9.7   17:23   SSW
 9  14.2  20.6   14:09   7.7   10:02   4.1   0.1   0.6   0.5 158.0   14:35    NW
10  17.8  28.5   15:22  11.9   23:19   2.9   2.5   0.3   0.6  12.2   15:43    SW
11  14.6  22.6   10:45   9.4   04:27   4.2   0.5   3.3   1.1  18.4   19:31     W
12  11.3  16.1   13:52   9.3   23:57   7.0   0.0  23.4   2.6  24.5   15:17     W
13  10.2  14.8   12:48   7.9   05:43   8.1   0.0  15.6   2.5  19.4   13:39     W
14  12.0  20.1   16:02   8.4   04:48   6.3   0.0   4.2   1.0  15.8   11:42   WSW
15  14.6  22.3   12:16   9.8   03:37   4.5   0.8   1.8   0.6  12.2   14:05    SW
16  17.6  29.4   13:59   7.5   04:53   3.6   2.9   0.0   0.9  15.8   13:06   NNE
17  17.9  26.6   13:22  13.0   05:40   2.0   1.6   0.0   0.7  13.3   07:00   NNW
18  17.5  26.0   10:39  10.8   05:44   2.5   1.7   0.6   0.6  12.2   12:42    SW
19  16.8  24.7   16:21  13.8   22:41   2.3   0.8  17.7   0.4  12.2   15:13    SW
20  16.1  24.8   12:37  11.3   05:07   3.3   1.2   5.4   0.6  13.3   15:49   WSW
21  17.9  27.6   13:30  10.6   06:19   2.7   2.4   0.3   1.5  13.3   12:55    NE
22  18.3  25.9   15:04  13.0   05:48   2.0   2.0   0.0   0.7  15.8   11:15   WSW
23  18.2  25.7   12:49  10.4   23:48   2.3   2.2   0.0   0.8  11.2   12:02   WSW
24  18.5  28.5   17:03   9.2   02:14   2.6   2.8   0.0   0.5  11.2   15:39    SW
25  20.2  30.6   12:41  12.7   05:56   2.0   3.9   0.0   1.2  13.3   05:48   ENE
26  17.3  26.3   12:48  13.0   02:12   2.0   1.1   5.4   0.4 119.0   11:57     W
27  16.5  20.4   08:47  15.4   05:13   1.9   0.1   7.2   0.7  13.3   12:31   WSW
28  17.6  27.0   13:29  12.8   22:37   1.9   1.2  15.0   0.6  13.3   23:06    NW
----------------------------------------------------------------------------------
    15.9  30.6    25     5.7     2   100.0  34.1 110.7   1.0 158.0     9       W

Max >=  27.0:  6
Max <=   0.0:  0
Min <=   0.0:  0
Min <= -18.0:  0
Max Rain: 23.4 on day 12
Days of Rain: 17 (>= 0.2 mm)  12 (>= 2.0 mm)  1 (>= 20.0 mm)
Heat Base: 18.3  Cool Base: 18.3  Method: Integration
:Now:::Today:::Yesterday:::This Month:::This Year:::Records:::NZLWF Records:
:Monthly Records:::Gauges:::Trends:::Location Map:::NOAA Reports:

Powered By: Cumulus v1.9.3 (1058)