Mohaka, Hawkes Bay Weather

 Latitude S 39° 03' 33"    Longitude E 177° 06' 31"    Elevation 400 ft (1312 ft)

Select a Year or Month report
V/Λ2018 > Jan Feb Mar Apr May Jun Jul Aug Sep Oct Nov Dec V/Λ2017 > Jan Feb Mar Apr May Jun Jul Aug Sep Oct Nov Dec V/Λ2016 > Jan Feb Mar Apr May Jun Jul Aug Sep Oct Nov Dec V/Λ2015 > Jan Feb Mar Apr May Jun Jul Aug Sep Oct Nov Dec V/Λ2014 > Jan Feb Mar Apr May Jun Jul Aug Sep Oct Nov Dec V/Λ2013 > Jan Feb Mar Apr May Jun Jul Aug Sep Oct Nov Dec

Report for 2013 Sep
                   Monthly Climatological Summary for Sep 2013

Name: Mohaka   City: Hawkes Bay   State: New Zealand
Elevation: 400 ft  Lat: S 39 03' 33"   Lon: E 177 06' 31"

                  Temperature (C), Rain (mm), Wind Speed (km/h)

                                      Heat  Cool        Avg
    Mean                              Deg   Deg         Wind                 Dom
Day Temp  High   Time   Low    Time   Days  Days  Rain  Speed High   Time    Dir
----------------------------------------------------------------------------------
 1   9.1  15.6   14:34   6.6   07:26   9.2   0.0  17.1   1.4  19.4   16:20     N
 3   9.7  18.8   14:09   3.5   23:02   8.6   0.0   1.2   1.0  13.3   11:29   NNE
 4   9.4  19.7   12:41   3.7   04:10   8.9   0.0   9.3   1.8  23.4   12:52     S
 5   6.7  10.7   14:57   3.9   23:41  11.6   0.0  37.2   4.0  36.7   09:21     N
 6   8.0  17.3   14:13   3.2   04:57  10.3   0.0   0.6   1.2  14.8   08:34    NE
 7  12.4  23.2   13:50   4.9   06:33   6.5   0.6   0.0   2.1  13.3   00:26   ESE
 8  13.2  22.1   12:38   7.9   03:06   5.4   0.3   0.0   2.5  20.9   03:32    SE
 9  10.9  20.5   12:18   5.0   06:45   7.5   0.1   0.0   2.4  22.0   09:02    NE
10  12.5  19.3   11:11   2.6   02:35   5.1   0.1   0.0   2.8  36.7   23:44     S
11  16.4  20.3   15:07  12.4   02:55   2.0   0.2   0.6   9.3  57.6   19:24   SSE
12  15.8  20.4   14:31  12.6   21:47   2.8   0.3   4.5   4.3  39.2   01:01   ESE
13  12.8  22.0   12:47   8.7   20:23   5.7   0.3   0.3   0.8  12.2   13:09   WNW
14  10.5  17.7   14:24   5.2   23:55   7.8   0.0   3.3   1.3  18.4   15:14    NW
15   7.3  14.4   08:55   2.3   04:14  11.0   0.0   1.5   1.1  19.4   11:26    NW
16  10.4  18.9   13:53   6.1   00:56   7.9   0.0   0.3   1.8  18.4   14:17   ENE
17   8.6  12.6   11:42   5.3   22:52   9.7   0.0   3.0   3.3  25.6   20:05   WNW
18   8.3  18.3   15:01   3.7   06:17  10.0   0.0   0.0   1.4  14.8   00:37    NW
19  10.5  16.4   12:29   3.4   05:08   7.8   0.0   0.0   4.5  34.2   20:53     E
20  16.1  22.7   15:19   9.7   00:32   2.6   0.5   0.0   4.3  28.1   05:25     E
21  16.1  21.1   12:53  10.6   06:14   2.7   0.5   0.6   4.5  39.2   12:45     E
22  16.0  23.1   15:50   9.5   23:35   2.9   0.6   3.9   3.6  37.8   13:42   ESE
23  14.7  23.3   14:53   8.8   03:16   4.3   0.7   0.0   3.2  30.6   09:01   ENE
24  12.3  15.0   10:59   9.6   02:58   6.0   0.0  29.4   2.4  23.4   17:42     W
25  14.7  19.1   11:57  12.7   00:00   3.6   0.0  26.7   1.2  13.3   00:35     W
26  14.9  22.7   13:00  12.1   04:07   2.1   0.3   1.5   1.4  19.4   12:18   NNW
27  15.9  23.6   14:41   0.0   00:11   1.1   0.3   0.0   1.5   5.0   09:41     E
28  15.1  20.6   15:48  11.3   23:22   3.3   0.1   0.0   4.8  45.4   11:34   SSE
29  14.6  20.9   14:19   9.2   06:56   3.9   0.3   0.0   2.5  23.4   16:25    SE
30  12.2  19.6   11:44   8.4   07:05   6.2   0.0  11.4   1.3  13.3   11:35   ESE
----------------------------------------------------------------------------------
    12.2  23.6    27     0.0    27   176.5   5.2 152.4   2.7  57.6    11     ESE

Max >=  27.0:  0
Max <=   0.0:  0
Min <=   0.0:  1
Min <= -18.0:  0
Max Rain: 37.2 on day 5
Days of Rain: 18 (>= 0.2 mm)  10 (>= 2.0 mm)  3 (>= 20.0 mm)
Heat Base: 18.3  Cool Base: 18.3  Method: Integration
:Now:::Today:::Yesterday:::This Month:::This Year:::Records:::NZLWF Records:
:Monthly Records:::Gauges:::Trends:::Location Map:::NOAA Reports:

Powered By: Cumulus v1.9.3 (1058)