Mohaka, Hawkes Bay Weather

 Latitude S 39° 03' 33"    Longitude E 177° 06' 31"    Elevation 400 ft (1312 ft)

Select a Year or Month report
V/Λ2018 > Jan Feb Mar Apr May Jun Jul Aug Sep Oct Nov Dec V/Λ2017 > Jan Feb Mar Apr May Jun Jul Aug Sep Oct Nov Dec V/Λ2016 > Jan Feb Mar Apr May Jun Jul Aug Sep Oct Nov Dec V/Λ2015 > Jan Feb Mar Apr May Jun Jul Aug Sep Oct Nov Dec V/Λ2014 > Jan Feb Mar Apr May Jun Jul Aug Sep Oct Nov Dec V/Λ2013 > Jan Feb Mar Apr May Jun Jul Aug Sep Oct Nov Dec

Report for 2013 Aug
                   Monthly Climatological Summary for Aug 2013

Name: Mohaka   City: Hawkes Bay   State: New Zealand
Elevation: 400 ft  Lat: S 39 03' 33"   Lon: E 177 06' 31"

                  Temperature (C), Rain (mm), Wind Speed (km/h)

                                      Heat  Cool        Avg
    Mean                              Deg   Deg         Wind                 Dom
Day Temp  High   Time   Low    Time   Days  Days  Rain  Speed High   Time    Dir
----------------------------------------------------------------------------------
 8  12.7  21.0   14:57   8.0   22:57   2.4   0.2   0.0   3.8  27.0   15:29    NW
 9  11.8  20.7   12:26   6.3   06:40   6.7   0.1   1.2   4.6  17.3   08:57    NE
10  11.5  13.8   16:01  10.0   06:48   6.8   0.0  10.2   4.7  29.5   16:24   ESE
11  11.9  12.4   00:00  10.9   22:51   6.4   0.0  16.2  13.0  34.2   06:12   WSW
12  10.0  13.4   14:27   6.9   23:56   8.5   0.0   0.6   8.0  37.8   16:28     W
13  11.1  18.7   12:27   3.0   07:01   7.2   0.0   0.0   6.2  35.6   17:16   NNW
14  12.3  17.8   11:41   5.3   23:54   6.0   0.0   0.6   5.9  35.6   14:37     N
15  10.1  21.4   16:34   2.6   06:21   8.3   0.2   0.0   4.9  17.3   14:22     N
16  11.0  18.5   12:43   4.8   05:42   7.3   0.0   0.0   5.4  20.9   08:39   NNE
17  13.6  20.0   13:56   8.1   23:50   4.9   0.2   2.1   4.9  27.0   12:47    NE
18  10.6  16.4   14:51   6.7   02:52   7.7   0.0   1.8   3.9  18.4   13:23     E
19  12.0  15.9   11:22   7.9   23:10   6.3   0.0   5.7   5.6  30.6   14:41   ESE
20   8.8  16.2   15:10   4.7   23:54   8.9   0.0   3.6   3.7  17.3   12:09   ENE
21  10.1  19.7   14:06   3.3   06:41   8.2   0.0   0.0   0.0   1.1   11:18     E
22  10.4  14.8   14:19   8.0   22:02   7.9   0.0   0.3   0.0   1.1   15:19     E
23  10.5  20.6   12:14   6.1   07:30   8.1   0.5   0.0   0.0   0.0   00:00     E
24  11.0  22.1   13:44   3.6   06:52   7.8   0.6   0.0   0.1   5.0   15:38   SSE
25  11.4  22.5   11:45   3.7   06:47   7.4   0.5   0.0   0.0   0.0   00:00     E
26  12.7  21.7   11:55   5.2   04:20   6.2   0.6   0.0   0.0  19.4   16:06     E
27  10.7  20.6   13:08   4.4   06:30   7.7   0.1   2.1   0.5  12.2   22:20     E
28  10.9  19.2   11:32   4.9   04:53   7.4   0.0   0.0   2.1  23.4   13:11   ESE
29  10.2  16.6   11:14   7.4   23:57   8.1   0.0  51.0   2.9  28.1   22:46   NNE
30   7.8  11.3   15:41   6.3   04:26  10.5   0.0  29.4   3.0  25.6   01:32   NNE
31   8.4  12.9   12:46   6.6   03:35   9.9   0.0  12.6   1.9  17.3   02:46     N
----------------------------------------------------------------------------------
    10.9  22.5    25     2.6    15   176.6   3.0 137.4   3.6  37.8    12     NNE

Max >=  27.0:  0
Max <=   0.0:  0
Min <=   0.0:  0
Min <= -18.0:  0
Max Rain: 51.0 on day 29
Days of Rain: 14 (>= 0.2 mm)  9 (>= 2.0 mm)  2 (>= 20.0 mm)
Heat Base: 18.3  Cool Base: 18.3  Method: Integration
:Now:::Today:::Yesterday:::This Month:::This Year:::Records:::NZLWF Records:
:Monthly Records:::Gauges:::Trends:::Location Map:::NOAA Reports:

Powered By: Cumulus v1.9.3 (1058)