Mohaka, Hawkes Bay Weather

 Latitude S 39° 03' 33"    Longitude E 177° 06' 31"    Elevation 400 ft (1312 ft)

Select a Year or Month report
V/Λ2018 > Jan Feb Mar Apr May Jun Jul Aug Sep Oct Nov Dec
V/Λ2017 > Jan Feb Mar Apr May Jun Jul Aug Sep Oct Nov Dec
V/Λ2016 > Jan Feb Mar Apr May Jun Jul Aug Sep Oct Nov Dec
V/Λ2015 > Jan Feb Mar Apr May Jun Jul Aug Sep Oct Nov Dec
V/Λ2014 > Jan Feb Mar Apr May Jun Jul Aug Sep Oct Nov Dec
V/Λ2013 > Jan Feb Mar Apr May Jun Jul Aug Sep Oct Nov Dec

Report for 2017 Sep
                   Monthly Climatological Summary for Sep 2017

Name: Mohaka   City: Hawkes Bay   State: New Zealand
Elevation: 400 ft  Lat: S 39° 03' 33"   Lon: E 177° 06' 31"

                  Temperature (°C), Rain (mm), Wind Speed (km/h)

                                      Heat  Cool        Avg
    Mean                              Deg   Deg         Wind                 Dom
Day Temp  High   Time   Low    Time   Days  Days  Rain  Speed High   Time    Dir
----------------------------------------------------------------------------------
 1   8.7  16.2   11:46   6.5   03:46   9.6   0.0  18.0   0.8  12.2   08:46   ESE
 2   7.7   9.3   08:46   6.6   04:16  10.6   0.0  33.9   6.8  42.5   09:16   ESE
 3   7.1   9.8   12:16   4.6   21:16  11.2   0.0   5.4   4.7  24.5   02:46   NNW
 4   6.2  12.3   12:16   3.4   04:46  12.1   0.0   9.6   2.1  24.5   00:16   ENE
 5   6.7  11.2   11:46   4.4   04:16  11.6   0.0  11.1   1.0  15.1   07:46   ESE
 6   6.0   8.2   06:46   5.2   01:46  10.7   0.0   1.2   0.0   0.0   00:16   ---
 7   8.2   8.2   00:16   8.2   00:16  10.1   0.0   0.0   0.0   0.0   00:16   ---
 8   8.2   8.2   00:16   8.2   00:16  10.1   0.0   0.0   0.0   0.0   00:16   ---
 9  11.2  11.9   10:05   8.2   00:16   7.8   0.0   0.6  15.2  61.2   12:05   NNE
10  10.8  16.9   07:05   6.4   16:05   7.5   0.0   0.3   8.0  34.6   01:05   NNE
11   9.2  16.1   10:35   3.0   18:05   9.1   0.0   0.0   5.6  29.5   06:05   SSW
12   9.8  12.8   12:05   3.3   00:05   8.5   0.0   7.5  19.2  33.9   23:05     E
13   8.3   9.2   00:05   6.8   03:05  10.0   0.0   5.1  53.0  29.8   14:35    SW
14   9.2  19.4   10:35   3.4   12:35   9.1   0.0   2.1  32.4  38.4   17:05    SW
15   9.5  10.8   10:35   7.2   02:05   8.8   0.0   6.0  52.7  45.9   04:05    SW
16   9.7  10.9   06:05   8.3   21:35   8.6   0.0   3.9  33.3  70.8   09:05   SSW
17   8.4  13.4   10:35   2.5   23:35   9.9   0.0   1.2   9.8  43.9   00:05   WSW
18   8.1  11.3   11:05   2.2   01:35  10.2   0.0  16.8   9.3  41.8   08:05   WSW
19  10.3  13.2   09:35   6.5   02:35   8.0   0.0   0.0   6.4  34.6   00:05     N
20  11.5  15.0   07:35   5.6   02:35   6.8   0.0   0.0  15.7  59.0   17:05    NE
21  13.1  16.1   07:05  10.4   03:05   5.2   0.0   6.3  23.3  78.5   17:35    NE
22  13.1  16.0   10:05   5.0   07:35   7.6   2.4   0.0  15.9  65.0   10:05   WNW
23   6.0  15.4   02:05   4.8   02:35   6.8   2.3   4.8  43.6  63.2   19:05   NNW
24   0.7  14.2   15:35   3.8   01:05  18.3   0.6   5.1  36.4  48.8   07:35   NNW
25   9.9  17.5   16:05   7.1   14:05  10.3   2.0   0.0   7.2  41.8   00:35     N
26  11.7  15.9   00:05   5.2   16:05   8.4   3.7   6.6   3.7  22.3   11:05     N
27  13.2  20.5   07:05   4.9   01:35   7.5   0.2   0.0   1.9  26.6   09:05    NW
28  11.4  14.1   14:35   9.4   23:35   6.9   0.0   5.4   0.7  15.1   12:05    SE
29  13.3  26.2   16:06   4.7   07:05   5.9   0.9   0.3   0.7  18.0   13:09     W
----------------------------------------------------------------------------------
     9.2  26.2    29     2.2    18   267.2  12.1 151.2  14.1  78.5    21       W

Max >=  27.0:  0
Max <=   0.0:  0
Min <=   0.0:  0
Min <= -18.0:  0
Max Rain: 33.9 on day 2
Days of Rain: 21 (>= 0.2 mm)  16 (>= 2.0 mm)  1 (>= 20.0 mm)
Heat Base: 18.3  Cool Base: 18.3  Method: Integration
:Now:::Today:::Yesterday:::This Month:::This Year:::Records:::NZLWF Records:
:Monthly Records:::Gauges:::Trends:::Location Map:::NOAA Reports:

Powered By: Cumulus v1.9.3 (1058)