Mohaka, Hawkes Bay Weather

 Latitude S 39° 03' 33"    Longitude E 177° 06' 31"    Elevation 400 ft (1312 ft)

Select a Year or Month report
V/Λ2018 > Jan Feb Mar Apr May Jun Jul Aug Sep Oct Nov Dec
V/Λ2017 > Jan Feb Mar Apr May Jun Jul Aug Sep Oct Nov Dec
V/Λ2016 > Jan Feb Mar Apr May Jun Jul Aug Sep Oct Nov Dec
V/Λ2015 > Jan Feb Mar Apr May Jun Jul Aug Sep Oct Nov Dec
V/Λ2014 > Jan Feb Mar Apr May Jun Jul Aug Sep Oct Nov Dec
V/Λ2013 > Jan Feb Mar Apr May Jun Jul Aug Sep Oct Nov Dec

Report for 2018 Feb
                   Monthly Climatological Summary for Feb 2018

Name: Mohaka   City: Hawkes Bay   State: New Zealand
Elevation: 400 ft  Lat: S 39° 03' 33"   Lon: E 177° 06' 31"

                  Temperature (°C), Rain (mm), Wind Speed (km/h)

                                      Heat  Cool        Avg
    Mean                              Deg   Deg         Wind                 Dom
Day Temp  High   Time   Low    Time   Days  Days  Rain  Speed High   Time    Dir
----------------------------------------------------------------------------------
 1   7.8  15.6   00:09   3.0   06:39  10.5   0.0   1.5   9.9  66.2   23:09    NE
 2   9.1  12.8   00:39   6.8   15:39   9.2   0.0  10.8  37.4 112.0   13:39   SSW
 3   9.3  19.4   23:09   7.3   15:09   9.0   0.0   0.3  39.8 117.0   03:09   WSW
 4   8.7  17.0   00:39   3.4   01:09   9.6   0.0   5.7  47.5 152.0   05:39    SW
 5  10.1  10.9   18:39   9.1   11:39   8.2   0.0   3.0  44.7 108.0   10:09   SSW
 6   9.5  13.4   23:09   7.8   16:39   8.8   0.0   4.5  19.5  85.7   00:39    SW
 7   7.3  12.9   00:09   2.2   14:09  11.0   0.0   0.3   8.3  41.8   20:39   WNW
 8   9.4  13.2   22:09   6.1   04:09   8.9   0.0  16.5   7.8  41.8   10:09   WNW
 9  10.8  15.0   20:09   5.6   15:09   7.5   0.0   0.0   9.0  54.0   19:09    NE
10  12.4  16.1   19:39  10.4   15:39   5.9   0.0   0.0  19.3  59.0   05:39   NNE
11  12.9  45.1   22:39 -31.9   20:09   6.2   0.8   6.3  19.4  95.8   22:39    NE
12  11.8  39.1   00:09 -34.2   15:09   9.4   2.8   1.2  27.4 181.0   19:09    NW
13  -0.2  31.9   10:09 -36.4   13:39  21.3   1.3   8.7  48.7 203.0   07:39   NNW
14   5.7  33.0   04:09 -27.8   08:39  12.4   0.8   0.0  18.3 125.0   00:09    NW
15  14.8  57.6   04:39 -20.3   02:39   7.8   4.7   6.6   5.4  31.7   01:09     N
16   8.5  33.3   05:39 -38.4   14:09  12.5   0.8   0.0   3.0  26.6   21:39   NNW
----------------------------------------------------------------------------------
     9.2  57.6    15   -38.4    16   158.2  11.2  65.4  22.8 203.0    13       W

Max >=  27.0:  6
Max <=   0.0:  0
Min <=   0.0:  6
Min <= -18.0:  6
Max Rain: 16.5 on day 8
Days of Rain: 12 (>= 0.2 mm)  8 (>= 2.0 mm)  0 (>= 20.0 mm)
Heat Base: 18.3  Cool Base: 18.3  Method: Integration
:Now:::Today:::Yesterday:::This Month:::This Year:::Records:::NZLWF Records:
:Monthly Records:::Gauges:::Trends:::Location Map:::NOAA Reports:

Powered By: Cumulus v1.9.3 (1058)